Last updated on 2025-07-21 20:50:13 CEST.
Flavor | Version | Tinstall | Tcheck | Ttotal | Status | Flags |
---|---|---|---|---|---|---|
r-devel-linux-x86_64-debian-clang | 1.0.2 | 16.26 | 170.23 | 186.49 | NOTE | |
r-devel-linux-x86_64-debian-gcc | 1.0.2 | 12.05 | 116.86 | 128.91 | NOTE | |
r-devel-linux-x86_64-fedora-clang | 1.0.2 | 289.50 | OK | |||
r-devel-linux-x86_64-fedora-gcc | 1.0.2 | 286.19 | OK | |||
r-devel-windows-x86_64 | 1.0.2 | 19.00 | 157.00 | 176.00 | OK | |
r-patched-linux-x86_64 | 1.0.2 | 17.11 | 156.34 | 173.45 | OK | |
r-release-linux-x86_64 | 1.0.2 | 15.43 | 156.25 | 171.68 | OK | |
r-release-macos-arm64 | 1.0.2 | 79.00 | OK | |||
r-release-macos-x86_64 | 1.0.2 | 153.00 | OK | |||
r-release-windows-x86_64 | 1.0.2 | 18.00 | 165.00 | 183.00 | OK | |
r-oldrel-macos-arm64 | 1.0.2 | 73.00 | OK | |||
r-oldrel-macos-x86_64 | 1.0.2 | 124.00 | OK | |||
r-oldrel-windows-x86_64 | 1.0.2 | 26.00 | 216.00 | 242.00 | OK |
Version: 1.0.2
Check: CRAN incoming feasibility
Result: NOTE
Maintainer: ‘Tony Wang <xwang@imedacs.com>’
The Description field contains
<arXiv:2203.02771>. Methods for missing-not-at-random include
Please refer to arXiv e-prints via their arXiv DOI <doi:10.48550/arXiv.YYMM.NNNNN>.
Flavors: r-devel-linux-x86_64-debian-clang, r-devel-linux-x86_64-debian-gcc