CRAN Package Check Results for Package refuge

Last updated on 2025-10-26 07:49:23 CET.

Flavor Version Tinstall Tcheck Ttotal Status Flags
r-devel-linux-x86_64-debian-clang 0.3.3 3.54 40.82 44.36 OK
r-devel-linux-x86_64-debian-gcc 0.3.3 2.79 30.33 33.12 OK
r-devel-linux-x86_64-fedora-clang 0.3.3 65.28 OK
r-devel-linux-x86_64-fedora-gcc 0.3.3 76.25 OK
r-devel-windows-x86_64 0.3.3 6.00 55.00 61.00 OK
r-patched-linux-x86_64 0.3.3 3.85 37.33 41.18 OK
r-release-linux-x86_64 0.3.3 3.42 36.82 40.24 OK
r-release-macos-arm64 0.3.3 2.00 27.00 29.00 OK
r-release-macos-x86_64 0.3.3 3.00 48.00 51.00 OK
r-release-windows-x86_64 0.3.3 7.00 57.00 64.00 OK
r-oldrel-macos-arm64 0.3.3 2.00 28.00 30.00 NOTE
r-oldrel-macos-x86_64 0.3.3 3.00 40.00 43.00 NOTE
r-oldrel-windows-x86_64 0.3.3 8.00 67.00 75.00 NOTE

Check Details

Version: 0.3.3
Check: LazyData
Result: NOTE 'LazyData' is specified without a 'data' directory Flavors: r-oldrel-macos-arm64, r-oldrel-macos-x86_64, r-oldrel-windows-x86_64