CRAN Package Check Results for Package raws.profile

Last updated on 2025-07-22 08:48:41 CEST.

Flavor Version Tinstall Tcheck Ttotal Status Flags
r-devel-linux-x86_64-debian-clang 0.1.0 2.86 26.73 29.59 OK
r-devel-linux-x86_64-debian-gcc 0.1.0 1.94 21.33 23.27 OK
r-devel-linux-x86_64-fedora-clang 0.1.0 43.61 NOTE
r-devel-linux-x86_64-fedora-gcc 0.1.0 41.97 NOTE
r-devel-windows-x86_64 0.1.0 4.00 44.00 48.00 OK
r-patched-linux-x86_64 0.1.0 2.49 24.46 26.95 OK
r-release-linux-x86_64 0.1.0 2.69 24.34 27.03 OK
r-release-macos-arm64 0.1.0 22.00 OK
r-release-macos-x86_64 0.1.0 41.00 OK
r-release-windows-x86_64 0.1.0 4.00 47.00 51.00 OK
r-oldrel-macos-arm64 0.1.0 20.00 NOTE
r-oldrel-macos-x86_64 0.1.0 38.00 NOTE
r-oldrel-windows-x86_64 0.1.0 6.00 50.00 56.00 NOTE

Check Details

Version: 0.1.0
Check: dependencies in R code
Result: NOTE Namespace in Imports field not imported from: ‘withr’ All declared Imports should be used. Flavors: r-devel-linux-x86_64-fedora-clang, r-devel-linux-x86_64-fedora-gcc

Version: 0.1.0
Check: LazyData
Result: NOTE 'LazyData' is specified without a 'data' directory Flavors: r-oldrel-macos-arm64, r-oldrel-macos-x86_64, r-oldrel-windows-x86_64