CRAN Package Check Results for Package rater

Last updated on 2025-09-30 20:50:48 CEST.

Flavor Version Tinstall Tcheck Ttotal Status Flags
r-devel-linux-x86_64-debian-clang 1.3.2 430.95 200.32 631.27 OK
r-devel-linux-x86_64-debian-gcc 1.3.2 382.06 176.86 558.92 OK
r-devel-linux-x86_64-fedora-clang 1.3.2 986.08 OK
r-devel-linux-x86_64-fedora-gcc 1.3.2 1304.84 OK
r-devel-windows-x86_64 1.3.2 486.00 254.00 740.00 OK
r-patched-linux-x86_64 1.3.2 520.23 238.83 759.06 OK
r-release-linux-x86_64 1.3.2 510.07 237.88 747.95 OK
r-release-macos-arm64 1.3.2 216.00 OK
r-release-macos-x86_64 1.3.2 269.00 OK
r-release-windows-x86_64 1.3.2 500.00 252.00 752.00 OK
r-oldrel-macos-arm64 1.3.2 229.00 NOTE
r-oldrel-macos-x86_64 1.3.2 290.00 NOTE
r-oldrel-windows-x86_64 1.3.2 560.00 308.00 868.00 NOTE

Check Details

Version: 1.3.2
Check: installed package size
Result: NOTE installed size is 93.6Mb sub-directories of 1Mb or more: libs 92.8Mb Flavors: r-oldrel-macos-arm64, r-oldrel-macos-x86_64, r-oldrel-windows-x86_64

Version: 1.3.2
Check: for GNU extensions in Makefiles
Result: NOTE GNU make is a SystemRequirements. Flavors: r-oldrel-macos-arm64, r-oldrel-macos-x86_64, r-oldrel-windows-x86_64