CRAN Package Check Results for Package qqman

Last updated on 2025-07-22 08:48:40 CEST.

Flavor Version Tinstall Tcheck Ttotal Status Flags
r-devel-linux-x86_64-debian-clang 0.1.9 1.82 26.38 28.20 NOTE
r-devel-linux-x86_64-debian-gcc 0.1.9 1.65 22.31 23.96 NOTE
r-devel-linux-x86_64-fedora-clang 0.1.9 44.27 OK
r-devel-linux-x86_64-fedora-gcc 0.1.9 71.88 OK
r-devel-windows-x86_64 0.1.9 4.00 46.00 50.00 OK
r-patched-linux-x86_64 0.1.9 1.86 24.62 26.48 OK
r-release-linux-x86_64 0.1.9 1.59 24.37 25.96 OK
r-release-macos-arm64 0.1.9 28.00 OK
r-release-macos-x86_64 0.1.9 53.00 OK
r-release-windows-x86_64 0.1.9 4.00 49.00 53.00 OK
r-oldrel-macos-arm64 0.1.9 25.00 OK
r-oldrel-macos-x86_64 0.1.9 41.00 OK
r-oldrel-windows-x86_64 0.1.9 5.00 54.00 59.00 OK

Check Details

Version: 0.1.9
Check: CRAN incoming feasibility
Result: NOTE Maintainer: ‘Stephen Turner <vustephen@gmail.com>’ No Authors@R field in DESCRIPTION. Please add one, modifying Authors@R: person(given = "Stephen", family = "Turner", role = c("aut", "cre"), email = "vustephen@gmail.com") as necessary. Flavors: r-devel-linux-x86_64-debian-clang, r-devel-linux-x86_64-debian-gcc