Last updated on 2025-10-20 20:49:37 CEST.
Flavor | Version | Tinstall | Tcheck | Ttotal | Status | Flags |
---|---|---|---|---|---|---|
r-devel-linux-x86_64-debian-clang | 1.1.6 | 8.63 | 160.25 | 168.88 | OK | |
r-devel-linux-x86_64-debian-gcc | 1.1.6 | 5.83 | 110.61 | 116.44 | NOTE | |
r-devel-linux-x86_64-fedora-clang | 1.1.6 | 256.20 | OK | |||
r-devel-linux-x86_64-fedora-gcc | 1.1.6 | 257.17 | OK | |||
r-devel-windows-x86_64 | 1.1.6 | 9.00 | 154.00 | 163.00 | OK | |
r-patched-linux-x86_64 | 1.1.6 | 8.84 | 150.93 | 159.77 | OK | |
r-release-linux-x86_64 | 1.1.6 | 7.31 | 148.76 | 156.07 | OK | |
r-release-macos-arm64 | 1.1.6 | 65.00 | OK | |||
r-release-macos-x86_64 | 1.1.6 | 136.00 | OK | |||
r-release-windows-x86_64 | 1.1.6 | 10.00 | 155.00 | 165.00 | OK | |
r-oldrel-macos-arm64 | 1.1.6 | 64.00 | OK | |||
r-oldrel-macos-x86_64 | 1.1.6 | 98.00 | OK | |||
r-oldrel-windows-x86_64 | 1.1.6 | 12.00 | 197.00 | 209.00 | OK |
Version: 1.1.6
Check: HTML version of manual
Result: NOTE
Found the following HTML validation problems:
interpol.html:69:1 (interpol.Rd:20): Warning: missing </ul> before </div>
Flavor: r-devel-linux-x86_64-debian-gcc