CRAN Package Check Results for Package psbcSpeedUp

Last updated on 2025-09-30 20:50:48 CEST.

Flavor Version Tinstall Tcheck Ttotal Status Flags
r-devel-linux-x86_64-debian-clang 2.0.7 74.83 130.05 204.88 OK
r-devel-linux-x86_64-debian-gcc 2.0.7 50.88 94.47 145.35 OK
r-devel-linux-x86_64-fedora-clang 2.0.7 357.03 OK
r-devel-linux-x86_64-fedora-gcc 2.1.0 252.32 OK
r-devel-windows-x86_64 2.0.7 86.00 145.00 231.00 OK
r-patched-linux-x86_64 2.0.7 70.92 120.51 191.43 OK
r-release-linux-x86_64 2.0.7 72.77 120.45 193.22 OK
r-release-macos-arm64 2.0.7 90.00 OK
r-release-macos-x86_64 2.1.0 162.00 OK
r-release-windows-x86_64 2.0.7 88.00 147.00 235.00 OK
r-oldrel-macos-arm64 2.0.7 60.00 NOTE
r-oldrel-macos-x86_64 2.1.0 174.00 OK
r-oldrel-windows-x86_64 2.0.7 102.00 186.00 288.00 OK

Check Details

Version: 2.0.7
Check: installed package size
Result: NOTE installed size is 6.1Mb sub-directories of 1Mb or more: libs 5.5Mb Flavor: r-oldrel-macos-arm64