Last updated on 2025-11-28 19:50:20 CET.
| Flavor | Version | Tinstall | Tcheck | Ttotal | Status | Flags |
|---|---|---|---|---|---|---|
| r-devel-linux-x86_64-debian-clang | 1.0.9 | 1.72 | 18.36 | 20.08 | OK | |
| r-devel-linux-x86_64-debian-gcc | 1.0.9 | 1.36 | 15.60 | 16.96 | OK | |
| r-devel-linux-x86_64-fedora-clang | 1.0.9 | 30.71 | OK | |||
| r-devel-linux-x86_64-fedora-gcc | 1.0.9 | 30.08 | OK | |||
| r-devel-windows-x86_64 | 1.0.9 | 5.00 | 36.00 | 41.00 | OK | |
| r-patched-linux-x86_64 | 1.0.9 | 1.74 | 16.97 | 18.71 | OK | |
| r-release-linux-x86_64 | 1.0.9 | 1.50 | 16.80 | 18.30 | OK | |
| r-release-macos-arm64 | 1.0.9 | OK | ||||
| r-release-macos-x86_64 | 1.0.9 | 2.00 | 20.00 | 22.00 | OK | |
| r-release-windows-x86_64 | 1.0.9 | 3.00 | 42.00 | 45.00 | OK | |
| r-oldrel-macos-arm64 | 1.0.9 | NOTE | ||||
| r-oldrel-macos-x86_64 | 1.0.9 | 1.00 | 18.00 | 19.00 | NOTE | |
| r-oldrel-windows-x86_64 | 1.0.9 | 5.00 | 41.00 | 46.00 | NOTE |
Version: 1.0.9
Check: package dependencies
Result: NOTE
Package suggested but not available for checking: ‘rdt’
Flavors: r-oldrel-macos-arm64, r-oldrel-macos-x86_64, r-oldrel-windows-x86_64