Last updated on 2025-09-30 20:50:47 CEST.
Flavor | Version | Tinstall | Tcheck | Ttotal | Status | Flags |
---|---|---|---|---|---|---|
r-devel-linux-x86_64-debian-clang | 0.2.5 | 46.79 | 414.09 | 460.88 | OK | |
r-devel-linux-x86_64-debian-gcc | 0.2.5 | 31.12 | 279.61 | 310.73 | OK | |
r-devel-linux-x86_64-fedora-clang | 0.2.5 | 743.10 | OK | |||
r-devel-linux-x86_64-fedora-gcc | 0.2.5 | 704.40 | OK | |||
r-devel-windows-x86_64 | 0.2.5 | 44.00 | 317.00 | 361.00 | OK | |
r-patched-linux-x86_64 | 0.2.5 | 38.43 | 390.16 | 428.59 | OK | |
r-release-linux-x86_64 | 0.2.5 | 39.63 | 393.80 | 433.43 | OK | |
r-release-macos-arm64 | 0.2.5 | 148.00 | OK | |||
r-release-macos-x86_64 | 0.2.5 | 465.00 | OK | |||
r-release-windows-x86_64 | 0.2.5 | 44.00 | 315.00 | 359.00 | OK | |
r-oldrel-macos-arm64 | 0.2.5 | 144.00 | NOTE | |||
r-oldrel-macos-x86_64 | 0.2.5 | 524.00 | NOTE | |||
r-oldrel-windows-x86_64 | 0.2.5 | 59.00 | 450.00 | 509.00 | NOTE |
Version: 0.2.5
Check: installed package size
Result: NOTE
installed size is 10.1Mb
sub-directories of 1Mb or more:
extdata 9.7Mb
Flavors: r-oldrel-macos-arm64, r-oldrel-macos-x86_64, r-oldrel-windows-x86_64