Last updated on 2025-10-30 18:50:00 CET.
| Flavor | Version | Tinstall | Tcheck | Ttotal | Status | Flags | 
|---|---|---|---|---|---|---|
| r-devel-linux-x86_64-debian-clang | 0.1.1 | 8.17 | 69.37 | 77.54 | NOTE | |
| r-devel-linux-x86_64-debian-gcc | 0.1.1 | 5.45 | 48.83 | 54.28 | NOTE | |
| r-devel-linux-x86_64-fedora-clang | 0.1.1 | 18.00 | 101.78 | 119.78 | OK | |
| r-devel-linux-x86_64-fedora-gcc | 0.1.1 | 14.00 | 99.91 | 113.91 | OK | |
| r-devel-windows-x86_64 | 0.1.1 | 9.00 | 79.00 | 88.00 | OK | |
| r-patched-linux-x86_64 | 0.1.1 | 7.27 | 65.77 | 73.04 | OK | |
| r-release-linux-x86_64 | 0.1.1 | 7.98 | 65.81 | 73.79 | OK | |
| r-release-macos-arm64 | 0.1.1 | 5.00 | 26.00 | 31.00 | OK | |
| r-release-macos-x86_64 | 0.1.1 | 6.00 | 48.00 | 54.00 | OK | |
| r-release-windows-x86_64 | 0.1.1 | 10.00 | 80.00 | 90.00 | OK | |
| r-oldrel-macos-arm64 | 0.1.1 | 3.00 | 28.00 | 31.00 | OK | |
| r-oldrel-macos-x86_64 | 0.1.1 | 5.00 | 38.00 | 43.00 | OK | |
| r-oldrel-windows-x86_64 | 0.1.1 | 13.00 | 98.00 | 111.00 | OK | 
Version: 0.1.1
Check: CRAN incoming feasibility
Result: NOTE
  Maintainer: ‘Orestis Efthimiou <oremiou@gmail.com>’
  
  No Authors@R field in DESCRIPTION.
  Please add one, modifying
    Authors@R: person(given = "Orestis",
                      family = "Efthimiou",
                      role = c("aut", "cre"),
                      email = "oremiou@gmail.com")
  as necessary.
Flavors: r-devel-linux-x86_64-debian-clang, r-devel-linux-x86_64-debian-gcc