Last updated on 2025-09-30 20:50:47 CEST.
Flavor | Version | Tinstall | Tcheck | Ttotal | Status | Flags |
---|---|---|---|---|---|---|
r-devel-linux-x86_64-debian-clang | 2.4.0.2 | 24.38 | 183.44 | 207.82 | OK | |
r-devel-linux-x86_64-debian-gcc | 2.4.0.2 | 19.42 | 134.61 | 154.03 | OK | |
r-devel-linux-x86_64-fedora-clang | 2.4.0.2 | 383.93 | NOTE | |||
r-devel-linux-x86_64-fedora-gcc | 2.4.0.2 | 324.23 | NOTE | |||
r-devel-windows-x86_64 | 2.4.0.2 | 25.00 | 162.00 | 187.00 | OK | |
r-patched-linux-x86_64 | 2.4.0.2 | 22.17 | 174.29 | 196.46 | OK | |
r-release-linux-x86_64 | 2.4.0.2 | 24.22 | 173.39 | 197.61 | OK | |
r-release-macos-arm64 | 2.4.0.2 | 92.00 | OK | |||
r-release-macos-x86_64 | 2.4.0.2 | 144.00 | OK | |||
r-release-windows-x86_64 | 2.4.0.2 | 26.00 | 161.00 | 187.00 | OK | |
r-oldrel-macos-arm64 | 2.4.0.2 | 75.00 | OK | |||
r-oldrel-macos-x86_64 | 2.4.0.2 | 107.00 | OK | |||
r-oldrel-windows-x86_64 | 2.4.0.2 | 35.00 | 208.00 | 243.00 | OK |
Version: 2.4.0.2
Check: dependencies in R code
Result: NOTE
Namespaces in Imports field not imported from:
‘ActCR’ ‘ActFrag’ ‘tidyr’
All declared Imports should be used.
Flavors: r-devel-linux-x86_64-fedora-clang, r-devel-linux-x86_64-fedora-gcc