Last updated on 2025-10-21 19:51:33 CEST.
Flavor | Version | Tinstall | Tcheck | Ttotal | Status | Flags |
---|---|---|---|---|---|---|
r-devel-linux-x86_64-debian-clang | 0.3.3 | 48.13 | 71.95 | 120.08 | OK | |
r-devel-linux-x86_64-debian-gcc | 0.3.3 | 32.62 | 51.37 | 83.99 | OK | |
r-devel-linux-x86_64-fedora-clang | 0.3.3 | 93.00 | 98.81 | 191.81 | OK | |
r-devel-linux-x86_64-fedora-gcc | 0.3.3 | 106.00 | 87.18 | 193.18 | OK | |
r-devel-windows-x86_64 | 0.3.3 | 52.00 | 100.00 | 152.00 | OK | |
r-patched-linux-x86_64 | 0.3.3 | 48.58 | 68.32 | 116.90 | OK | |
r-release-linux-x86_64 | 0.3.3 | 46.38 | 67.88 | 114.26 | OK | |
r-release-macos-arm64 | 0.3.3 | 20.00 | 34.00 | 54.00 | OK | |
r-release-macos-x86_64 | 0.3.3 | 41.00 | 69.00 | 110.00 | OK | |
r-release-windows-x86_64 | 0.3.3 | 52.00 | 100.00 | 152.00 | OK | |
r-oldrel-macos-arm64 | 0.3.3 | 18.00 | 31.00 | 49.00 | NOTE | |
r-oldrel-macos-x86_64 | 0.3.3 | 29.00 | 46.00 | 75.00 | NOTE | |
r-oldrel-windows-x86_64 | 0.3.3 | 61.00 | 124.00 | 185.00 | OK |
Version: 0.3.3
Check: installed package size
Result: NOTE
installed size is 6.4Mb
sub-directories of 1Mb or more:
libs 6.1Mb
Flavors: r-oldrel-macos-arm64, r-oldrel-macos-x86_64