Last updated on 2025-10-30 18:50:00 CET.
| Flavor | Version | Tinstall | Tcheck | Ttotal | Status | Flags | 
|---|---|---|---|---|---|---|
| r-devel-linux-x86_64-debian-clang | 1.9.1.1 | 1.98 | 32.60 | 34.58 | NOTE | |
| r-devel-linux-x86_64-debian-gcc | 1.9.1.1 | 1.35 | 26.72 | 28.07 | NOTE | |
| r-devel-linux-x86_64-fedora-clang | 1.9.1.1 | 48.77 | OK | |||
| r-devel-linux-x86_64-fedora-gcc | 1.9.1.1 | 59.22 | OK | |||
| r-devel-windows-x86_64 | 1.9.1.1 | 3.00 | 67.00 | 70.00 | OK | |
| r-patched-linux-x86_64 | 1.9.1.1 | 1.60 | 31.37 | 32.97 | OK | |
| r-release-linux-x86_64 | 1.9.1.1 | 1.96 | 31.32 | 33.28 | OK | |
| r-release-macos-arm64 | 1.9.1.1 | 1.00 | 27.00 | 28.00 | OK | |
| r-release-macos-x86_64 | 1.9.1.1 | 2.00 | 56.00 | 58.00 | OK | |
| r-release-windows-x86_64 | 1.9.1.1 | 2.00 | 73.00 | 75.00 | OK | |
| r-oldrel-macos-arm64 | 1.9.1.1 | 1.00 | 25.00 | 26.00 | OK | |
| r-oldrel-macos-x86_64 | 1.9.1.1 | 2.00 | 41.00 | 43.00 | OK | |
| r-oldrel-windows-x86_64 | 1.9.1.1 | 3.00 | 66.00 | 69.00 | OK | 
Version: 1.9.1.1
Check: CRAN incoming feasibility
Result: NOTE
  Maintainer: ‘Delia Bailey <delia.bailey@gmail.com>’
  
  No Authors@R field in DESCRIPTION.
  Please add one, modifying
    Authors@R: c(person(given = "Delia",
                        family = "Bailey",
                        role = c("aut", "cre"),
                        email = "delia.bailey@gmail.com"),
                 person(given = c("Jonathan", "N."),
                        family = "Katz",
                        role = "aut",
                        email = "jkatz@caltech.edu"))
  as necessary.
  
  Package CITATION file contains call(s) to old-style personList() or
  as.personList().  Please use c() on person objects instead.
  Package CITATION file contains call(s) to old-style citEntry().  Please
  use bibentry() instead.
Flavors: r-devel-linux-x86_64-debian-clang, r-devel-linux-x86_64-debian-gcc