Last updated on 2025-10-31 06:50:52 CET.
| Flavor | Version | Tinstall | Tcheck | Ttotal | Status | Flags | 
|---|---|---|---|---|---|---|
| r-devel-linux-x86_64-debian-clang | 0.1.1 | 1.74 | 22.17 | 23.91 | NOTE | |
| r-devel-linux-x86_64-debian-gcc | 0.1.1 | 1.32 | 17.88 | 19.20 | NOTE | |
| r-devel-linux-x86_64-fedora-clang | 0.1.1 | 34.58 | OK | |||
| r-devel-linux-x86_64-fedora-gcc | 0.1.1 | 33.36 | OK | |||
| r-devel-windows-x86_64 | 0.1.1 | 3.00 | 41.00 | 44.00 | OK | |
| r-patched-linux-x86_64 | 0.1.1 | 1.83 | 20.76 | 22.59 | OK | |
| r-release-linux-x86_64 | 0.1.1 | 1.53 | 20.65 | 22.18 | OK | |
| r-release-macos-arm64 | 0.1.1 | 1.00 | 15.00 | 16.00 | OK | |
| r-release-macos-x86_64 | 0.1.1 | 2.00 | 22.00 | 24.00 | OK | |
| r-release-windows-x86_64 | 0.1.1 | 4.00 | 42.00 | 46.00 | OK | |
| r-oldrel-macos-arm64 | 0.1.1 | 1.00 | 13.00 | 14.00 | OK | |
| r-oldrel-macos-x86_64 | 0.1.1 | 1.00 | 20.00 | 21.00 | OK | |
| r-oldrel-windows-x86_64 | 0.1.1 | 3.00 | 46.00 | 49.00 | OK | 
Version: 0.1.1
Check: CRAN incoming feasibility
Result: NOTE
  Maintainer: ‘Tim Lucas <timcdlucas@gmail.com>’
  
  No Authors@R field in DESCRIPTION.
  Please add one, modifying
    Authors@R: person(given = "Tim",
                      family = "Lucas",
                      role = c("aut", "cre"),
                      email = "timcdlucas@gmail.com")
  as necessary.
Flavors: r-devel-linux-x86_64-debian-clang, r-devel-linux-x86_64-debian-gcc