CRAN Package Check Results for Package oysteR

Last updated on 2025-10-09 20:50:24 CEST.

Flavor Version Tinstall Tcheck Ttotal Status Flags
r-devel-linux-x86_64-debian-clang 0.1.1 4.54 38.81 43.35 OK
r-devel-linux-x86_64-debian-gcc 0.1.1 3.33 29.64 32.97 OK
r-devel-linux-x86_64-fedora-clang 0.1.4 80.09 OK
r-devel-linux-x86_64-fedora-gcc 0.1.4 90.48 OK
r-devel-windows-x86_64 0.1.1 6.00 57.00 63.00 OK
r-patched-linux-x86_64 0.1.1 4.61 37.00 41.61 OK
r-release-linux-x86_64 0.1.1 4.30 37.40 41.70 OK
r-release-macos-arm64 0.1.1 24.00 OK
r-release-macos-x86_64 0.1.1 42.00 OK
r-release-windows-x86_64 0.1.1 9.00 56.00 65.00 OK
r-oldrel-macos-arm64 0.1.1 21.00 NOTE
r-oldrel-macos-x86_64 0.1.4 70.00 OK
r-oldrel-windows-x86_64 0.1.1 8.00 66.00 74.00 NOTE

Check Details

Version: 0.1.1
Check: LazyData
Result: NOTE 'LazyData' is specified without a 'data' directory Flavors: r-oldrel-macos-arm64, r-oldrel-windows-x86_64