Last updated on 2025-11-04 07:50:01 CET.
| Flavor | Version | Tinstall | Tcheck | Ttotal | Status | Flags | 
|---|---|---|---|---|---|---|
| r-devel-linux-x86_64-debian-clang | 0.6.8 | 191.68 | 103.28 | 294.96 | OK | |
| r-devel-linux-x86_64-debian-gcc | 0.6.8 | 133.73 | 82.72 | 216.45 | OK | |
| r-devel-linux-x86_64-fedora-clang | 0.6.8 | 251.00 | 285.23 | 536.23 | OK | |
| r-devel-linux-x86_64-fedora-gcc | 0.6.8 | 226.00 | 283.91 | 509.91 | OK | |
| r-devel-windows-x86_64 | 0.6.8 | 220.00 | 118.00 | 338.00 | OK | |
| r-patched-linux-x86_64 | 0.6.8 | 194.96 | 96.73 | 291.69 | OK | |
| r-release-linux-x86_64 | 0.6.8 | 196.87 | 96.72 | 293.59 | OK | |
| r-release-macos-arm64 | 0.6.8 | 83.00 | 103.00 | 186.00 | OK | |
| r-release-macos-x86_64 | 0.6.8 | 67.00 | 119.00 | 186.00 | OK | |
| r-release-windows-x86_64 | 0.6.8 | 212.00 | 121.00 | 333.00 | OK | |
| r-oldrel-macos-arm64 | 0.6.8 | 73.00 | 73.00 | 146.00 | NOTE | |
| r-oldrel-macos-x86_64 | 0.6.8 | 56.00 | 74.00 | 130.00 | NOTE | |
| r-oldrel-windows-x86_64 | 0.6.8 | 249.00 | 150.00 | 399.00 | OK | 
Version: 0.6.8
Check: installed package size
Result: NOTE
    installed size is  9.5Mb
    sub-directories of 1Mb or more:
      libs   9.2Mb
Flavors: r-oldrel-macos-arm64, r-oldrel-macos-x86_64