CRAN Package Check Results for Package noisySBM

Last updated on 2025-11-28 19:50:18 CET.

Flavor Version Tinstall Tcheck Ttotal Status Flags
r-devel-linux-x86_64-debian-clang 0.1.4 4.61 47.48 52.09 NOTE
r-devel-linux-x86_64-debian-gcc 0.1.4 2.95 35.81 38.76 NOTE
r-devel-linux-x86_64-fedora-clang 0.1.4 78.20 OK
r-devel-linux-x86_64-fedora-gcc 0.1.4 89.47 OK
r-devel-windows-x86_64 0.1.4 9.00 80.00 89.00 OK
r-patched-linux-x86_64 0.1.4 4.73 43.63 48.36 OK
r-release-linux-x86_64 0.1.4 4.10 44.43 48.53 OK
r-release-macos-arm64 0.1.4 OK
r-release-macos-x86_64 0.1.4 4.00 51.00 55.00 OK
r-release-windows-x86_64 0.1.4 6.00 81.00 87.00 OK
r-oldrel-macos-arm64 0.1.4 OK
r-oldrel-macos-x86_64 0.1.4 3.00 42.00 45.00 OK
r-oldrel-windows-x86_64 0.1.4 9.00 86.00 95.00 OK

Check Details

Version: 0.1.4
Check: CRAN incoming feasibility
Result: NOTE Maintainer: ‘Tabea Rebafka <tabea.rebafka@sorbonne-universite.fr>’ The Description field contains Roquain, F. Villers (2020) <arXiv:1907.10176>. Please refer to arXiv e-prints via their arXiv DOI <doi:10.48550/arXiv.YYMM.NNNNN>. Flavors: r-devel-linux-x86_64-debian-clang, r-devel-linux-x86_64-debian-gcc