Last updated on 2025-11-28 07:48:53 CET.
| Flavor | Version | Tinstall | Tcheck | Ttotal | Status | Flags |
|---|---|---|---|---|---|---|
| r-devel-linux-x86_64-debian-clang | 1.4 | 9.95 | 81.25 | 91.20 | NOTE | |
| r-devel-linux-x86_64-debian-gcc | 1.4 | 7.11 | 60.66 | 67.77 | NOTE | |
| r-devel-linux-x86_64-fedora-clang | 1.4 | 48.00 | 108.12 | 156.12 | OK | |
| r-devel-linux-x86_64-fedora-gcc | 1.4 | 33.00 | 114.98 | 147.98 | OK | |
| r-devel-windows-x86_64 | 1.4 | 13.00 | 90.00 | 103.00 | OK | |
| r-patched-linux-x86_64 | 1.4 | 9.36 | 77.93 | 87.29 | OK | |
| r-release-linux-x86_64 | 1.4 | 8.43 | 77.31 | 85.74 | OK | |
| r-release-macos-arm64 | 1.4 | OK | ||||
| r-release-macos-x86_64 | 1.4 | 9.00 | 74.00 | 83.00 | OK | |
| r-release-windows-x86_64 | 1.4 | 12.00 | 88.00 | 100.00 | OK | |
| r-oldrel-macos-arm64 | 1.4 | OK | ||||
| r-oldrel-macos-x86_64 | 1.4 | 7.00 | 52.00 | 59.00 | OK | |
| r-oldrel-windows-x86_64 | 1.4 | 15.00 | 111.00 | 126.00 | OK |
Version: 1.4
Check: CRAN incoming feasibility
Result: NOTE
Maintainer: ‘Tianwei Yu<yutianwei@cuhk.edu.cn>’
No Authors@R field in DESCRIPTION.
Please add one, modifying
Authors@R: c(person(given = "Tianwei",
family = "Yu",
role = c("aut", "cre"),
email = "yutianwei@cuhk.edu.cn"),
person(given = "Haodong",
family = "Liu",
role = "aut"))
as necessary.
Flavors: r-devel-linux-x86_64-debian-clang, r-devel-linux-x86_64-debian-gcc