Last updated on 2025-10-30 18:49:59 CET.
| Flavor | Version | Tinstall | Tcheck | Ttotal | Status | Flags | 
|---|---|---|---|---|---|---|
| r-devel-linux-x86_64-debian-clang | 1.1 | 1.86 | 19.15 | 21.01 | NOTE | |
| r-devel-linux-x86_64-debian-gcc | 1.1 | 1.53 | 15.76 | 17.29 | NOTE | |
| r-devel-linux-x86_64-fedora-clang | 1.1 | 31.39 | OK | |||
| r-devel-linux-x86_64-fedora-gcc | 1.1 | 31.31 | OK | |||
| r-devel-windows-x86_64 | 1.1 | 3.00 | 42.00 | 45.00 | OK | |
| r-patched-linux-x86_64 | 1.1 | 1.79 | 18.17 | 19.96 | OK | |
| r-release-linux-x86_64 | 1.1 | 1.89 | 18.03 | 19.92 | OK | |
| r-release-macos-arm64 | 1.1 | 1.00 | 15.00 | 16.00 | OK | |
| r-release-macos-x86_64 | 1.1 | 2.00 | 22.00 | 24.00 | OK | |
| r-release-windows-x86_64 | 1.1 | 4.00 | 38.00 | 42.00 | OK | |
| r-oldrel-macos-arm64 | 1.1 | 1.00 | 13.00 | 14.00 | OK | |
| r-oldrel-macos-x86_64 | 1.1 | 2.00 | 26.00 | 28.00 | OK | |
| r-oldrel-windows-x86_64 | 1.1 | 3.00 | 44.00 | 47.00 | OK | 
Version: 1.1
Check: CRAN incoming feasibility
Result: NOTE
  Maintainer: ‘Carme Font <carme.font.moragon@gmail.com>’
  
  No Authors@R field in DESCRIPTION.
  Please add one, modifying
    Authors@R: person(given = "Carme",
                      family = "Font",
                      role = c("aut", "cre"),
                      email = "carme.font.moragon@gmail.com")
  as necessary.
Flavors: r-devel-linux-x86_64-debian-clang, r-devel-linux-x86_64-debian-gcc