Last updated on 2025-07-22 08:48:38 CEST.
Flavor | Version | Tinstall | Tcheck | Ttotal | Status | Flags |
---|---|---|---|---|---|---|
r-devel-linux-x86_64-debian-clang | 1.0.3 | 7.81 | 147.48 | 155.29 | NOTE | |
r-devel-linux-x86_64-debian-gcc | 1.0.3 | 6.41 | 120.02 | 126.43 | NOTE | |
r-devel-linux-x86_64-fedora-clang | 1.0.3 | 265.99 | OK | |||
r-devel-linux-x86_64-fedora-gcc | 1.0.3 | 265.88 | OK | |||
r-devel-windows-x86_64 | 1.0.3 | 9.00 | 164.00 | 173.00 | OK | |
r-patched-linux-x86_64 | 1.0.3 | 7.80 | 149.54 | 157.34 | OK | |
r-release-linux-x86_64 | 1.0.3 | 7.94 | 149.61 | 157.55 | OK | |
r-release-macos-arm64 | 1.0.3 | 89.00 | OK | |||
r-release-macos-x86_64 | 1.0.3 | 144.00 | OK | |||
r-release-windows-x86_64 | 1.0.3 | 10.00 | 168.00 | 178.00 | OK | |
r-oldrel-macos-arm64 | 1.0.3 | 74.00 | OK | |||
r-oldrel-macos-x86_64 | 1.0.3 | 213.00 | OK | |||
r-oldrel-windows-x86_64 | 1.0.3 | 12.00 | 203.00 | 215.00 | OK |
Version: 1.0.3
Check: CRAN incoming feasibility
Result: NOTE
Maintainer: ‘David Pleydell <david.pleydell@inrae.fr>’
No Authors@R field in DESCRIPTION.
Please add one, modifying
Authors@R: person(given = "David",
family = "Pleydell",
role = c("aut", "cre", "cph"),
email = "david.pleydell@inrae.fr",
comment = c("Package developer", ORCID = "0000-0002-6450-1475"))
as necessary.
Flavors: r-devel-linux-x86_64-debian-clang, r-devel-linux-x86_64-debian-gcc