Last updated on 2025-10-31 19:58:17 CET.
| Flavor | Version | Tinstall | Tcheck | Ttotal | Status | Flags | 
|---|---|---|---|---|---|---|
| r-devel-linux-x86_64-debian-clang | 1.1 | 2.26 | 24.39 | 26.65 | NOTE | |
| r-devel-linux-x86_64-debian-gcc | 1.1 | 1.68 | 19.43 | 21.11 | NOTE | |
| r-devel-linux-x86_64-fedora-clang | 1.1 | 39.73 | OK | |||
| r-devel-linux-x86_64-fedora-gcc | 1.1 | 38.25 | OK | |||
| r-devel-windows-x86_64 | 1.1 | 3.00 | 45.00 | 48.00 | OK | |
| r-patched-linux-x86_64 | 1.1 | 2.16 | 23.04 | 25.20 | OK | |
| r-release-linux-x86_64 | 1.1 | 2.10 | 23.09 | 25.19 | OK | |
| r-release-macos-arm64 | 1.1 | 2.00 | 17.00 | 19.00 | OK | |
| r-release-macos-x86_64 | 1.1 | 2.00 | 24.00 | 26.00 | OK | |
| r-release-windows-x86_64 | 1.1 | 6.00 | 44.00 | 50.00 | OK | |
| r-oldrel-macos-arm64 | 1.1 | 2.00 | 15.00 | 17.00 | OK | |
| r-oldrel-macos-x86_64 | 1.1 | 2.00 | 24.00 | 26.00 | OK | |
| r-oldrel-windows-x86_64 | 1.1 | 7.00 | 45.00 | 52.00 | OK | 
Version: 1.1
Check: CRAN incoming feasibility
Result: NOTE
  Maintainer: ‘Ningning Xu <n.xu@lumc.nl>’
  
  No Authors@R field in DESCRIPTION.
  Please add one, modifying
    Authors@R: person(given = "Ningning",
                      family = "Xu",
                      role = c("aut", "cre"),
                      email = "n.xu@lumc.nl")
  as necessary.
  
  The Description field contains
    (2021) <arXiv:2001.01541> for detailed description.
  Please refer to arXiv e-prints via their arXiv DOI <doi:10.48550/arXiv.YYMM.NNNNN>.
Flavors: r-devel-linux-x86_64-debian-clang, r-devel-linux-x86_64-debian-gcc