CRAN Package Check Results for Package netregR

Last updated on 2025-09-30 20:50:45 CEST.

Flavor Version Tinstall Tcheck Ttotal Status Flags
r-devel-linux-x86_64-debian-clang 1.0.1 10.16 67.63 77.79 NOTE
r-devel-linux-x86_64-debian-gcc 1.0.1 6.08 49.93 56.01 NOTE
r-devel-linux-x86_64-fedora-clang 1.0.1 117.74 OK
r-devel-linux-x86_64-fedora-gcc 1.0.1 144.38 OK
r-devel-windows-x86_64 1.0.1 12.00 80.00 92.00 OK
r-patched-linux-x86_64 1.0.1 9.01 63.76 72.77 OK
r-release-linux-x86_64 1.0.1 9.44 64.31 73.75 OK
r-release-macos-arm64 1.0.1 55.00 OK
r-release-macos-x86_64 1.0.1 122.00 OK
r-release-windows-x86_64 1.0.1 10.00 82.00 92.00 OK
r-oldrel-macos-arm64 1.0.1 44.00 OK
r-oldrel-macos-x86_64 1.0.1 98.00 OK
r-oldrel-windows-x86_64 1.0.1 14.00 104.00 118.00 OK

Check Details

Version: 1.0.1
Check: CRAN incoming feasibility
Result: NOTE Maintainer: ‘Frank W. Marrs <frank.marrs@colostate.edu>’ The Description field contains <arXiv:1701.05530>. Please refer to arXiv e-prints via their arXiv DOI <doi:10.48550/arXiv.YYMM.NNNNN>. Flavors: r-devel-linux-x86_64-debian-clang, r-devel-linux-x86_64-debian-gcc