Last updated on 2025-07-22 08:48:38 CEST.
Flavor | Version | Tinstall | Tcheck | Ttotal | Status | Flags |
---|---|---|---|---|---|---|
r-devel-linux-x86_64-debian-clang | 1.1.1 | 30.38 | 292.32 | 322.70 | OK | |
r-devel-linux-x86_64-debian-gcc | 1.1.1 | 22.30 | 190.44 | 212.74 | OK | |
r-devel-linux-x86_64-fedora-clang | 1.1.2 | 544.40 | OK | |||
r-devel-linux-x86_64-fedora-gcc | 1.1.2 | 517.60 | OK | |||
r-devel-windows-x86_64 | 1.1.2 | 32.00 | 254.00 | 286.00 | OK | |
r-patched-linux-x86_64 | 1.1.0 | 30.87 | 272.79 | 303.66 | OK | |
r-release-linux-x86_64 | 1.1.1 | 30.90 | 278.73 | 309.63 | OK | |
r-release-macos-arm64 | 1.1.1 | 130.00 | OK | |||
r-release-macos-x86_64 | 1.1.2 | 293.00 | OK | |||
r-release-windows-x86_64 | 1.1.1 | 34.00 | 274.00 | 308.00 | OK | |
r-oldrel-macos-arm64 | 1.1.1 | 126.00 | NOTE | |||
r-oldrel-macos-x86_64 | 1.1.2 | 273.00 | NOTE | |||
r-oldrel-windows-x86_64 | 1.1.1 | 48.00 | 359.00 | 407.00 | OK |
Version: 1.1.1
Check: installed package size
Result: NOTE
installed size is 5.7Mb
sub-directories of 1Mb or more:
data 4.2Mb
help 1.1Mb
Flavor: r-oldrel-macos-arm64
Version: 1.1.2
Check: installed package size
Result: NOTE
installed size is 5.7Mb
sub-directories of 1Mb or more:
data 4.2Mb
help 1.1Mb
Flavor: r-oldrel-macos-x86_64