CRAN Package Check Results for Package ncaavolleyballr

Last updated on 2025-10-21 19:51:30 CEST.

Flavor Version Tinstall Tcheck Ttotal Status Flags
r-devel-linux-x86_64-debian-clang 0.5.0 4.07 53.39 57.46 NOTE
r-devel-linux-x86_64-debian-gcc 0.5.0 2.08 39.25 41.33 NOTE
r-devel-linux-x86_64-fedora-clang 0.5.0 85.65 OK
r-devel-linux-x86_64-fedora-gcc 0.5.0 94.89 OK
r-devel-windows-x86_64 0.5.0 6.00 73.00 79.00 OK
r-patched-linux-x86_64 0.5.0 4.52 48.61 53.13 OK
r-release-linux-x86_64 0.5.0 3.80 48.87 52.67 OK
r-release-macos-arm64 0.5.0 2.00 33.00 35.00 OK
r-release-macos-x86_64 0.5.0 4.00 80.00 84.00 OK
r-release-windows-x86_64 0.5.0 6.00 76.00 82.00 OK
r-oldrel-macos-arm64 0.5.0 2.00 38.00 40.00 OK
r-oldrel-macos-x86_64 0.5.0 3.00 74.00 77.00 OK
r-oldrel-windows-x86_64 0.5.0 8.00 89.00 97.00 OK

Check Details

Version: 0.5.0
Check: HTML version of manual
Result: NOTE Found the following HTML validation problems: check_confdiv.html:50:1 (check_confdiv.Rd:12): Warning: missing </ul> before </div> check_contest.html:46:1 (check_contest.Rd:10): Warning: missing </ul> before </div> check_logical.html:50:1 (check_logical.Rd:12): Warning: missing </ul> before </div> check_match.html:54:1 (check_match.Rd:14): Warning: missing </ul> before </div> check_sport.html:51:1 (check_sport.Rd:13): Warning: missing </ul> before </div> check_team_id.html:46:1 (check_team_id.Rd:10): Warning: missing </ul> before </div> check_team_name.html:50:1 (check_team_name.Rd:12): Warning: missing </ul> before </div> check_year.html:51:1 (check_year.Rd:13): Warning: missing </ul> before </div> get_team_info.html:46:1 (get_team_info.Rd:10): Warning: missing </ul> before </div> Flavors: r-devel-linux-x86_64-debian-clang, r-devel-linux-x86_64-debian-gcc