CRAN Package Check Results for Package nawtilus

Last updated on 2025-07-22 08:48:38 CEST.

Flavor Version Tinstall Tcheck Ttotal Status Flags
r-devel-linux-x86_64-debian-clang 0.1.4 5.79 33.15 38.94 NOTE
r-devel-linux-x86_64-debian-gcc 0.1.4 4.17 25.06 29.23 NOTE
r-devel-linux-x86_64-fedora-clang 0.1.4 62.93 OK
r-devel-linux-x86_64-fedora-gcc 0.1.4 55.27 OK
r-devel-windows-x86_64 0.1.4 5.00 49.00 54.00 OK
r-patched-linux-x86_64 0.1.4 5.86 29.60 35.46 OK
r-release-linux-x86_64 0.1.4 5.33 30.30 35.63 OK
r-release-macos-arm64 0.1.4 20.00 OK
r-release-macos-x86_64 0.1.4 59.00 OK
r-release-windows-x86_64 0.1.4 6.00 52.00 58.00 OK
r-oldrel-macos-arm64 0.1.4 20.00 OK
r-oldrel-macos-x86_64 0.1.4 45.00 OK
r-oldrel-windows-x86_64 0.1.4 5.00 59.00 64.00 OK

Check Details

Version: 0.1.4
Check: CRAN incoming feasibility
Result: NOTE Maintainer: ‘Hiroto Katsumata <hrt.katsumata@gmail.com>’ The Description field contains <arXiv:2005.10998>, which improves the inverse probability weighting by Please refer to arXiv e-prints via their arXiv DOI <doi:10.48550/arXiv.YYMM.NNNNN>. Flavors: r-devel-linux-x86_64-debian-clang, r-devel-linux-x86_64-debian-gcc