Last updated on 2025-10-31 06:50:51 CET.
| Flavor | Version | Tinstall | Tcheck | Ttotal | Status | Flags | 
|---|---|---|---|---|---|---|
| r-devel-linux-x86_64-debian-clang | 0.1.1 | 7.93 | 81.27 | 89.20 | OK | |
| r-devel-linux-x86_64-debian-gcc | 0.1.1 | 5.38 | 57.64 | 63.02 | OK | |
| r-devel-linux-x86_64-fedora-clang | 0.1.1 | 18.00 | 116.87 | 134.87 | OK | |
| r-devel-linux-x86_64-fedora-gcc | 0.1.1 | 53.00 | 106.10 | 159.10 | OK | |
| r-devel-windows-x86_64 | 0.1.1 | 9.00 | 84.00 | 93.00 | OK | |
| r-patched-linux-x86_64 | 0.1.1 | 8.40 | 76.35 | 84.75 | OK | |
| r-release-linux-x86_64 | 0.1.1 | 6.80 | 72.70 | 79.50 | OK | |
| r-release-macos-arm64 | 0.1.1 | 3.00 | 33.00 | 36.00 | OK | |
| r-release-macos-x86_64 | 0.1.1 | 8.00 | 72.00 | 80.00 | OK | |
| r-release-windows-x86_64 | 0.1.1 | 10.00 | 83.00 | 93.00 | ERROR | |
| r-oldrel-macos-arm64 | 0.1.1 | 3.00 | 40.00 | 43.00 | OK | |
| r-oldrel-macos-x86_64 | 0.1.1 | 9.00 | 77.00 | 86.00 | OK | |
| r-oldrel-windows-x86_64 | 0.1.1 | 12.00 | 104.00 | 116.00 | ERROR | 
Version: 0.1.1
Check: re-building of vignette outputs
Result: ERROR
  Error(s) in re-building vignettes:
  --- re-building 'use-mycolors.Rmd' using rmarkdown
  
  Quitting from use-mycolors.Rmd:77-80 [unnamed-chunk-3]
  ~~~~~~~~~~~~~~~~~~~~~~~~~~~~~~~~~~~~~~~~~~~~~~~~~~~~~~~~~~~~~~~~~~~~~~~~~~~~~~~~
  NULL
  ~~~~~~~~~~~~~~~~~~~~~~~~~~~~~~~~~~~~~~~~~~~~~~~~~~~~~~~~~~~~~~~~~~~~~~~~~~~~~~~~
  
  Error: processing vignette 'use-mycolors.Rmd' failed with diagnostics:
  Problem while converting geom to grob.
  ℹ Error occurred in the 4th layer.
  Caused by error in `is.waive()`:
  ! could not find function "is.waive"
  --- failed re-building 'use-mycolors.Rmd'
  
  SUMMARY: processing the following file failed:
    'use-mycolors.Rmd'
  
  Error: Vignette re-building failed.
  Execution halted
Flavors: r-release-windows-x86_64, r-oldrel-windows-x86_64