Last updated on 2025-10-30 18:49:58 CET.
| Flavor | Version | Tinstall | Tcheck | Ttotal | Status | Flags | 
|---|---|---|---|---|---|---|
| r-devel-linux-x86_64-debian-clang | 1.11 | 6.55 | 75.94 | 82.49 | NOTE | |
| r-devel-linux-x86_64-debian-gcc | 1.11 | 6.59 | 54.72 | 61.31 | NOTE | |
| r-devel-linux-x86_64-fedora-clang | 1.11 | 17.00 | 108.13 | 125.13 | OK | |
| r-devel-linux-x86_64-fedora-gcc | 1.11 | 21.00 | 101.48 | 122.48 | OK | |
| r-devel-windows-x86_64 | 1.11 | 9.00 | 85.00 | 94.00 | OK | |
| r-patched-linux-x86_64 | 1.11 | 9.18 | 75.78 | 84.96 | OK | |
| r-release-linux-x86_64 | 1.11 | 7.58 | 70.84 | 78.42 | OK | |
| r-release-macos-arm64 | 1.11 | 3.00 | 36.00 | 39.00 | OK | |
| r-release-macos-x86_64 | 1.11 | 7.00 | 62.00 | 69.00 | OK | |
| r-release-windows-x86_64 | 1.11 | 9.00 | 89.00 | 98.00 | OK | |
| r-oldrel-macos-arm64 | 1.11 | 4.00 | 35.00 | 39.00 | OK | |
| r-oldrel-macos-x86_64 | 1.11 | 6.00 | 50.00 | 56.00 | OK | |
| r-oldrel-windows-x86_64 | 1.11 | 12.00 | 112.00 | 124.00 | OK | 
Version: 1.11
Check: CRAN incoming feasibility
Result: NOTE
  Maintainer: ‘Mark A. van de Wiel <mark.vdwiel@amsterdamumc.nl>’
  
  No Authors@R field in DESCRIPTION.
  Please add one, modifying
    Authors@R: person(given = c("Mark", "A."),
                      family = "van de Wiel",
                      role = c("aut", "cre"),
                      email = "mark.vdwiel@amsterdamumc.nl")
  as necessary.
  
  The Description field contains
    be specified. See Van de Wiel et al. (2021), <arXiv:2005.09301>.
  Please refer to arXiv e-prints via their arXiv DOI <doi:10.48550/arXiv.YYMM.NNNNN>.
Flavors: r-devel-linux-x86_64-debian-clang, r-devel-linux-x86_64-debian-gcc