CRAN Package Check Results for Package mueRelativeRisk

Last updated on 2025-07-22 08:48:37 CEST.

Flavor Version Tinstall Tcheck Ttotal Status Flags
r-devel-linux-x86_64-debian-clang 0.1.1 1.66 21.89 23.55 OK
r-devel-linux-x86_64-debian-gcc 0.1.1 1.38 18.20 19.58 OK
r-devel-linux-x86_64-fedora-clang 0.1.1 39.61 OK
r-devel-linux-x86_64-fedora-gcc 0.1.1 49.63 OK
r-devel-windows-x86_64 0.1.1 3.00 47.00 50.00 OK
r-patched-linux-x86_64 0.1.1 1.31 20.82 22.13 OK
r-release-linux-x86_64 0.1.1 1.49 20.98 22.47 OK
r-release-macos-arm64 0.1.1 26.00 OK
r-release-macos-x86_64 0.1.1 59.00 OK
r-release-windows-x86_64 0.1.1 3.00 56.00 59.00 OK
r-oldrel-macos-arm64 0.1.1 21.00 NOTE
r-oldrel-macos-x86_64 0.1.1 36.00 NOTE
r-oldrel-windows-x86_64 0.1.1 3.00 53.00 56.00 NOTE

Check Details

Version: 0.1.1
Check: LazyData
Result: NOTE 'LazyData' is specified without a 'data' directory Flavors: r-oldrel-macos-arm64, r-oldrel-macos-x86_64, r-oldrel-windows-x86_64