CRAN Package Check Results for Package muRty

Last updated on 2025-11-28 07:48:52 CET.

Flavor Version Tinstall Tcheck Ttotal Status Flags
r-devel-linux-x86_64-debian-clang 0.3.1 2.33 25.68 28.01 NOTE
r-devel-linux-x86_64-debian-gcc 0.3.1 1.86 20.22 22.08 NOTE
r-devel-linux-x86_64-fedora-clang 0.3.1 42.32 OK
r-devel-linux-x86_64-fedora-gcc 0.3.1 39.56 OK
r-devel-windows-x86_64 0.3.1 5.00 49.00 54.00 OK
r-patched-linux-x86_64 0.3.1 2.11 24.15 26.26 OK
r-release-linux-x86_64 0.3.1 2.41 24.31 26.72 OK
r-release-macos-arm64 0.3.1 OK
r-release-macos-x86_64 0.3.1 2.00 31.00 33.00 OK
r-release-windows-x86_64 0.3.1 3.00 49.00 52.00 OK
r-oldrel-macos-arm64 0.3.1 NOTE
r-oldrel-macos-x86_64 0.3.1 2.00 22.00 24.00 NOTE
r-oldrel-windows-x86_64 0.3.1 5.00 55.00 60.00 NOTE

Check Details

Version: 0.3.1
Check: CRAN incoming feasibility
Result: NOTE Maintainer: ‘Aljaz Jelenko <aljaz.jelenko@amis.net>’ No Authors@R field in DESCRIPTION. Please add one, modifying Authors@R: person(given = "Aljaz", family = "Jelenko", role = c("aut", "cre"), email = "aljaz.jelenko@amis.net") as necessary. Flavors: r-devel-linux-x86_64-debian-clang, r-devel-linux-x86_64-debian-gcc

Version: 0.3.1
Check: LazyData
Result: NOTE 'LazyData' is specified without a 'data' directory Flavors: r-oldrel-macos-arm64, r-oldrel-macos-x86_64, r-oldrel-windows-x86_64