Last updated on 2025-07-21 20:50:08 CEST.
Flavor | Version | Tinstall | Tcheck | Ttotal | Status | Flags |
---|---|---|---|---|---|---|
r-devel-linux-x86_64-debian-clang | 1.5.2 | 100.02 | 133.49 | 233.51 | OK | |
r-devel-linux-x86_64-debian-gcc | 1.5.2 | 72.29 | 91.23 | 163.52 | OK | |
r-devel-linux-x86_64-fedora-clang | 1.5.2 | 443.91 | OK | |||
r-devel-linux-x86_64-fedora-gcc | 1.5.2 | 376.38 | OK | |||
r-devel-windows-x86_64 | 1.5.2 | 135.00 | 186.00 | 321.00 | OK | |
r-patched-linux-x86_64 | 1.5.2 | 99.10 | 125.18 | 224.28 | OK | |
r-release-linux-x86_64 | 1.5.2 | 100.67 | 126.76 | 227.43 | OK | |
r-release-macos-arm64 | 1.5.2 | 108.00 | OK | |||
r-release-macos-x86_64 | 1.5.2 | 156.00 | OK | |||
r-release-windows-x86_64 | 1.5.2 | 133.00 | 186.00 | 319.00 | OK | |
r-oldrel-macos-arm64 | 1.5.2 | 88.00 | NOTE | |||
r-oldrel-macos-x86_64 | 1.5.2 | 147.00 | NOTE | |||
r-oldrel-windows-x86_64 | 1.5.2 | 161.00 | 232.00 | 393.00 | OK |
Version: 1.5.2
Check: installed package size
Result: NOTE
installed size is 7.4Mb
sub-directories of 1Mb or more:
libs 5.4Mb
Flavors: r-oldrel-macos-arm64, r-oldrel-macos-x86_64