Last updated on 2025-07-24 08:49:27 CEST.
Flavor | Version | Tinstall | Tcheck | Ttotal | Status | Flags |
---|---|---|---|---|---|---|
r-devel-linux-x86_64-debian-clang | 1.0.3 | 6.68 | 71.22 | 77.90 | OK | |
r-devel-linux-x86_64-debian-gcc | 1.0.3 | 3.86 | 51.28 | 55.14 | OK | |
r-devel-linux-x86_64-fedora-clang | 1.0.3 | 122.72 | OK | |||
r-devel-linux-x86_64-fedora-gcc | 1.0.3 | 360.45 | OK | |||
r-devel-windows-x86_64 | 1.0.3 | 10.00 | 77.00 | 87.00 | OK | |
r-patched-linux-x86_64 | 1.0.3 | 6.10 | 65.22 | 71.32 | OK | |
r-release-linux-x86_64 | 1.0.3 | 6.45 | 65.72 | 72.17 | OK | |
r-release-macos-arm64 | 1.0.3 | 76.00 | OK | |||
r-release-macos-x86_64 | 1.0.3 | 130.00 | OK | |||
r-release-windows-x86_64 | 1.0.3 | 8.00 | 80.00 | 88.00 | OK | |
r-oldrel-macos-arm64 | 1.0.3 | 87.00 | NOTE | |||
r-oldrel-macos-x86_64 | 1.0.3 | 129.00 | NOTE | |||
r-oldrel-windows-x86_64 | 1.0.3 | 11.00 | 97.00 | 108.00 | NOTE |
Version: 1.0.3
Check: installed package size
Result: NOTE
installed size is 5.5Mb
sub-directories of 1Mb or more:
doc 5.2Mb
Flavors: r-oldrel-macos-arm64, r-oldrel-macos-x86_64, r-oldrel-windows-x86_64