Last updated on 2025-10-30 18:49:58 CET.
| Flavor | Version | Tinstall | Tcheck | Ttotal | Status | Flags | 
|---|---|---|---|---|---|---|
| r-devel-linux-x86_64-debian-clang | 2.1.3 | 19.33 | 232.72 | 252.05 | NOTE | |
| r-devel-linux-x86_64-debian-gcc | 2.1.3 | 11.13 | 151.43 | 162.56 | NOTE | |
| r-devel-linux-x86_64-fedora-clang | 2.1.3 | 46.00 | 339.47 | 385.47 | NOTE | |
| r-devel-linux-x86_64-fedora-gcc | 2.1.3 | 35.00 | 348.53 | 383.53 | NOTE | |
| r-devel-windows-x86_64 | 2.1.3 | 22.00 | 206.00 | 228.00 | NOTE | |
| r-patched-linux-x86_64 | 2.1.3 | 18.77 | 221.35 | 240.12 | NOTE | |
| r-release-linux-x86_64 | 2.1.3 | 16.97 | 220.50 | 237.47 | NOTE | |
| r-release-macos-arm64 | 2.1.3 | 10.00 | 93.00 | 103.00 | NOTE | |
| r-release-macos-x86_64 | 2.1.3 | 16.00 | 179.00 | 195.00 | NOTE | |
| r-release-windows-x86_64 | 2.1.3 | 20.00 | 203.00 | 223.00 | NOTE | |
| r-oldrel-macos-arm64 | 2.1.3 | 9.00 | 85.00 | 94.00 | NOTE | |
| r-oldrel-macos-x86_64 | 2.1.3 | 12.00 | 147.00 | 159.00 | NOTE | |
| r-oldrel-windows-x86_64 | 2.1.3 | 29.00 | 289.00 | 318.00 | NOTE | 
Version: 2.1.3
Check: CRAN incoming feasibility
Result: NOTE
  Maintainer: ‘Mark Puttick <marknputtick@gmail.com>’
  
  No Authors@R field in DESCRIPTION.
  Please add one, modifying
    Authors@R: c(person(given = "Mark",
                        family = "Puttick",
                        role = c("aut", "cre", "cph"),
                        email = "marknputtick@gmail.com"),
                 person(given = "Gavin",
                        family = "Thomas",
                        role = c("aut", "cph")),
                 person(given = "Rob",
                        family = "Freckleton",
                        role = c("aut", "cph")),
                 person(given = "Magnus",
                        family = "Clarke",
                        role = "ctb"),
                 person(given = "Travis",
                        family = "Ingram",
                        role = "ctb"),
                 person(given = "David",
                        family = "Orme",
                        role = "ctb"),
                 person(given = "Emmanuel",
                        family = "Paradis",
                        role = "ctb"))
  as necessary.
Flavors: r-devel-linux-x86_64-debian-clang, r-devel-linux-x86_64-debian-gcc
Version: 2.1.3
Check: C++ specification
Result: NOTE
    Specified C++11: please drop specification unless essential
Flavors: r-devel-linux-x86_64-debian-clang, r-devel-linux-x86_64-debian-gcc, r-devel-linux-x86_64-fedora-clang, r-devel-linux-x86_64-fedora-gcc, r-devel-windows-x86_64, r-patched-linux-x86_64, r-release-linux-x86_64, r-release-macos-arm64, r-release-macos-x86_64, r-release-windows-x86_64, r-oldrel-macos-arm64, r-oldrel-macos-x86_64, r-oldrel-windows-x86_64
Version: 2.1.3
Check: Rd files
Result: NOTE
  checkRd: (-1) transformPhylo.MCMC.Rd:82: Lost braces in \itemize; meant \describe ?
  checkRd: (-1) transformPhylo.MCMC.Rd:83: Lost braces in \itemize; meant \describe ?
  checkRd: (-1) transformPhylo.MCMC.Rd:84: Lost braces in \itemize; meant \describe ?
  checkRd: (-1) transformPhylo.MCMC.Rd:85: Lost braces in \itemize; meant \describe ?
  checkRd: (-1) transformPhylo.MCMC.Rd:86: Lost braces in \itemize; meant \describe ?
  checkRd: (-1) transformPhylo.MCMC.Rd:87: Lost braces in \itemize; meant \describe ?
  checkRd: (-1) transformPhylo.ML.Rd:119: Lost braces in \itemize; meant \describe ?
  checkRd: (-1) transformPhylo.ML.Rd:120: Lost braces in \itemize; meant \describe ?
  checkRd: (-1) transformPhylo.ML.Rd:121: Lost braces in \itemize; meant \describe ?
  checkRd: (-1) transformPhylo.ML.Rd:122: Lost braces in \itemize; meant \describe ?
  checkRd: (-1) transformPhylo.ML.Rd:123: Lost braces in \itemize; meant \describe ?
  checkRd: (-1) transformPhylo.ML.Rd:124: Lost braces in \itemize; meant \describe ?
  checkRd: (-1) transformPhylo.ML.Rd:125: Lost braces in \itemize; meant \describe ?
  checkRd: (-1) transformPhylo.ML.Rd:126: Lost braces in \itemize; meant \describe ?
  checkRd: (-1) transformPhylo.ML.Rd:127: Lost braces in \itemize; meant \describe ?
  checkRd: (-1) transformPhylo.ML.Rd:128: Lost braces in \itemize; meant \describe ?
  checkRd: (-1) transformPhylo.ML.Rd:129: Lost braces in \itemize; meant \describe ?
  checkRd: (-1) transformPhylo.ML.Rd:130: Lost braces in \itemize; meant \describe ?
  checkRd: (-1) transformPhylo.ML.Rd:131: Lost braces in \itemize; meant \describe ?
  checkRd: (-1) transformPhylo.ML.Rd:132: Lost braces in \itemize; meant \describe ?
  checkRd: (-1) transformPhylo.ML.Rd:133: Lost braces in \itemize; meant \describe ?
  checkRd: (-1) transformPhylo.Rd:97: Lost braces in \itemize; meant \describe ?
  checkRd: (-1) transformPhylo.Rd:98: Lost braces in \itemize; meant \describe ?
  checkRd: (-1) transformPhylo.Rd:99: Lost braces in \itemize; meant \describe ?
  checkRd: (-1) transformPhylo.Rd:100: Lost braces in \itemize; meant \describe ?
  checkRd: (-1) transformPhylo.ll.Rd:100: Lost braces in \itemize; meant \describe ?
  checkRd: (-1) transformPhylo.ll.Rd:101: Lost braces in \itemize; meant \describe ?
  checkRd: (-1) transformPhylo.ll.Rd:102: Lost braces in \itemize; meant \describe ?
  checkRd: (-1) transformPhylo.ll.Rd:103: Lost braces in \itemize; meant \describe ?
  checkRd: (-1) transformPhylo.ll.Rd:104: Lost braces in \itemize; meant \describe ?
  checkRd: (-1) transformPhylo.ll.Rd:105: Lost braces in \itemize; meant \describe ?
  checkRd: (-1) transformPhylo.ll.Rd:106: Lost braces in \itemize; meant \describe ?
  checkRd: (-1) transformPhylo.ll.Rd:107: Lost braces in \itemize; meant \describe ?
  checkRd: (-1) transformPhylo.ll.Rd:108: Lost braces in \itemize; meant \describe ?
  checkRd: (-1) transformPhylo.ll.Rd:109: Lost braces in \itemize; meant \describe ?
  checkRd: (-1) transformPhylo.ll.Rd:110: Lost braces in \itemize; meant \describe ?
  checkRd: (-1) transformPhylo.ll.Rd:111: Lost braces in \itemize; meant \describe ?
  checkRd: (-1) transformPhylo.ll.Rd:112: Lost braces in \itemize; meant \describe ?
  checkRd: (-1) transformPhylo.ll.Rd:113: Lost braces in \itemize; meant \describe ?
  checkRd: (-1) transformPhylo.ll.Rd:114: Lost braces in \itemize; meant \describe ?
Flavors: r-devel-linux-x86_64-debian-clang, r-devel-linux-x86_64-debian-gcc, r-devel-linux-x86_64-fedora-clang, r-devel-linux-x86_64-fedora-gcc, r-devel-windows-x86_64, r-patched-linux-x86_64, r-release-linux-x86_64, r-release-macos-arm64, r-release-macos-x86_64, r-release-windows-x86_64, r-oldrel-macos-arm64, r-oldrel-macos-x86_64, r-oldrel-windows-x86_64