CRAN Package Check Results for Package mosaic

Last updated on 2025-10-01 08:48:44 CEST.

Flavor Version Tinstall Tcheck Ttotal Status Flags
r-devel-linux-x86_64-debian-clang 1.9.2 26.07 257.76 283.83 ERROR
r-devel-linux-x86_64-debian-gcc 1.9.2 19.08 171.22 190.30 ERROR
r-devel-linux-x86_64-fedora-clang 1.9.2 425.48 ERROR
r-devel-linux-x86_64-fedora-gcc 1.9.2 463.96 ERROR
r-devel-windows-x86_64 1.9.2 26.00 260.00 286.00 ERROR
r-patched-linux-x86_64 1.9.2 29.03 242.36 271.39 ERROR
r-release-linux-x86_64 1.9.2 22.60 237.87 260.47 ERROR
r-release-macos-arm64 1.9.2 106.00 OK
r-release-macos-x86_64 1.9.2 217.00 OK
r-release-windows-x86_64 1.9.2 27.00 264.00 291.00 ERROR
r-oldrel-macos-arm64 1.9.2 128.00 OK
r-oldrel-macos-x86_64 1.9.2 244.00 OK
r-oldrel-windows-x86_64 1.9.2 37.00 344.00 381.00 ERROR

Check Details

Version: 1.9.2
Check: re-building of vignette outputs
Result: ERROR Error(s) in re-building vignettes: ... --- re-building ‘Resampling.Rmd’ using rmarkdown Quitting from Resampling.Rmd:438-440 [unnamed-chunk-13] ~~~~~~~~~~~~~~~~~~~~~~~~~~~~~~~~~~~~~~~~~~~~~~~~~~~~~~~~~~~~~~~~~~~~~~ NULL ~~~~~~~~~~~~~~~~~~~~~~~~~~~~~~~~~~~~~~~~~~~~~~~~~~~~~~~~~~~~~~~~~~~~~~ Error: processing vignette 'Resampling.Rmd' failed with diagnostics: `orientation` must be a string or character vector. --- failed re-building ‘Resampling.Rmd’ --- re-building ‘mosaic-resources.Rmd’ using rmarkdown --- finished re-building ‘mosaic-resources.Rmd’ --- re-building ‘MinimalRgg.Rnw’ using knitr Quitting from MinimalRgg.Rnw:494-496 [bwplot] ~~~~~~~~~~~~~~~~~~~~~~~~~~~~~~~~~~~~~~~~ NULL ~~~~~~~~~~~~~~~~~~~~~~~~~~~~~~~~~~~~~~~~ Error: processing vignette 'MinimalRgg.Rnw' failed with diagnostics: `orientation` must be a string or character vector. --- failed re-building ‘MinimalRgg.Rnw’ SUMMARY: processing the following files failed: ‘Resampling.Rmd’ ‘MinimalRgg.Rnw’ Error: Vignette re-building failed. Execution halted Flavors: r-devel-linux-x86_64-debian-clang, r-devel-linux-x86_64-debian-gcc

Version: 1.9.2
Check: re-building of vignette outputs
Result: ERROR Error(s) in re-building vignettes: --- re-building ‘Resampling.Rmd’ using rmarkdown Quitting from Resampling.Rmd:438-440 [unnamed-chunk-13] ~~~~~~~~~~~~~~~~~~~~~~~~~~~~~~~~~~~~~~~~~~~~~~~~~~~~~~~~~~~~~~~~~~~~~~ NULL ~~~~~~~~~~~~~~~~~~~~~~~~~~~~~~~~~~~~~~~~~~~~~~~~~~~~~~~~~~~~~~~~~~~~~~ Error: processing vignette 'Resampling.Rmd' failed with diagnostics: `orientation` must be a string or character vector. --- failed re-building ‘Resampling.Rmd’ --- re-building ‘mosaic-resources.Rmd’ using rmarkdown [WARNING] Deprecated: --no-highlight. Use --syntax-highlighting=none instead. --- finished re-building ‘mosaic-resources.Rmd’ --- re-building ‘MinimalRgg.Rnw’ using knitr Quitting from MinimalRgg.Rnw:494-496 [bwplot] ~~~~~~~~~~~~~~~~~~~~~~~~~~~~~~~~~~~~~~~~ NULL ~~~~~~~~~~~~~~~~~~~~~~~~~~~~~~~~~~~~~~~~ Error: processing vignette 'MinimalRgg.Rnw' failed with diagnostics: `orientation` must be a string or character vector. --- failed re-building ‘MinimalRgg.Rnw’ SUMMARY: processing the following files failed: ‘Resampling.Rmd’ ‘MinimalRgg.Rnw’ Error: Vignette re-building failed. Execution halted Flavors: r-devel-linux-x86_64-fedora-clang, r-devel-linux-x86_64-fedora-gcc

Version: 1.9.2
Check: re-building of vignette outputs
Result: ERROR Error(s) in re-building vignettes: --- re-building 'Resampling.Rmd' using rmarkdown Quitting from Resampling.Rmd:438-440 [unnamed-chunk-13] ~~~~~~~~~~~~~~~~~~~~~~~~~~~~~~~~~~~~~~~~~~~~~~~~~~~~~~~~~~~~~~~~~~~~~~ NULL ~~~~~~~~~~~~~~~~~~~~~~~~~~~~~~~~~~~~~~~~~~~~~~~~~~~~~~~~~~~~~~~~~~~~~~ Error: processing vignette 'Resampling.Rmd' failed with diagnostics: `orientation` must be a string or character vector. --- failed re-building 'Resampling.Rmd' --- re-building 'mosaic-resources.Rmd' using rmarkdown --- finished re-building 'mosaic-resources.Rmd' --- re-building 'MinimalRgg.Rnw' using knitr Quitting from MinimalRgg.Rnw:494-496 [bwplot] ~~~~~~~~~~~~~~~~~~~~~~~~~~~~~~~~~~~~~~~~ NULL ~~~~~~~~~~~~~~~~~~~~~~~~~~~~~~~~~~~~~~~~ Error: processing vignette 'MinimalRgg.Rnw' failed with diagnostics: `orientation` must be a string or character vector. --- failed re-building 'MinimalRgg.Rnw' SUMMARY: processing the following files failed: 'Resampling.Rmd' 'MinimalRgg.Rnw' Error: Vignette re-building failed. Execution halted Flavors: r-devel-windows-x86_64, r-release-windows-x86_64, r-oldrel-windows-x86_64

Version: 1.9.2
Check: re-building of vignette outputs
Result: ERROR Error(s) in re-building vignettes: ... --- re-building ‘Resampling.Rmd’ using rmarkdown Quitting from Resampling.Rmd:438-440 [unnamed-chunk-13] ~~~~~~~~~~~~~~~~~~~~~~~~~~~~~~~~~~~~~~~~~~~~~~~~~~~~~~~~~~~~~~~~~~~~~~ NULL ~~~~~~~~~~~~~~~~~~~~~~~~~~~~~~~~~~~~~~~~~~~~~~~~~~~~~~~~~~~~~~~~~~~~~~ Error: processing vignette 'Resampling.Rmd' failed with diagnostics: `orientation` must be a string or character vector. --- failed re-building ‘Resampling.Rmd’ --- re-building ‘mosaic-resources.Rmd’ using rmarkdown [WARNING] Deprecated: --no-highlight. Use --syntax-highlighting=none instead. --- finished re-building ‘mosaic-resources.Rmd’ --- re-building ‘MinimalRgg.Rnw’ using knitr Quitting from MinimalRgg.Rnw:494-496 [bwplot] ~~~~~~~~~~~~~~~~~~~~~~~~~~~~~~~~~~~~~~~~ NULL ~~~~~~~~~~~~~~~~~~~~~~~~~~~~~~~~~~~~~~~~ Error: processing vignette 'MinimalRgg.Rnw' failed with diagnostics: `orientation` must be a string or character vector. --- failed re-building ‘MinimalRgg.Rnw’ SUMMARY: processing the following files failed: ‘Resampling.Rmd’ ‘MinimalRgg.Rnw’ Error: Vignette re-building failed. Execution halted Flavors: r-patched-linux-x86_64, r-release-linux-x86_64