CRAN Package Check Results for Package momentuHMM

Last updated on 2025-07-22 08:48:37 CEST.

Flavor Version Tinstall Tcheck Ttotal Status Flags
r-devel-linux-x86_64-debian-clang 1.5.5 127.16 453.14 580.30 NOTE
r-devel-linux-x86_64-debian-gcc 1.5.5 86.31 281.43 367.74 NOTE
r-devel-linux-x86_64-fedora-clang 1.5.6 989.82 OK
r-devel-linux-x86_64-fedora-gcc 1.5.6 954.59 OK
r-devel-windows-x86_64 1.5.6 84.00 370.00 454.00 OK
r-patched-linux-x86_64 1.5.5 126.70 426.99 553.69 NOTE
r-release-linux-x86_64 1.5.5 121.09 434.09 555.18 NOTE
r-release-macos-arm64 1.5.5 243.00 OK
r-release-macos-x86_64 1.5.6 410.00 OK
r-release-windows-x86_64 1.5.5 129.00 385.00 514.00 NOTE
r-oldrel-macos-arm64 1.5.5 212.00 NOTE
r-oldrel-macos-x86_64 1.5.6 369.00 NOTE
r-oldrel-windows-x86_64 1.5.5 167.00 546.00 713.00 OK

Check Details

Version: 1.5.5
Check: CRAN incoming feasibility
Result: NOTE Maintainer: ‘Brett McClintock <brett.mcclintock@noaa.gov>’ No Authors@R field in DESCRIPTION. Please add one, modifying Authors@R: c(person(given = "Brett", family = "McClintock", role = c("aut", "cre"), email = "brett.mcclintock@noaa.gov"), person(given = "Theo", family = "Michelot", role = "aut")) as necessary. Package CITATION file contains call(s) to old-style personList() or as.personList(). Please use c() on person objects instead. Package CITATION file contains call(s) to old-style citEntry(). Please use bibentry() instead. Flavors: r-devel-linux-x86_64-debian-clang, r-devel-linux-x86_64-debian-gcc

Version: 1.5.5
Check: Rd cross-references
Result: NOTE Found the following Rd file(s) with Rd \link{} targets missing package anchors: AIC.momentuHMM.Rd: quasiquotation AICweights.Rd: quasiquotation MIfitHMM.Rd: crwPostIS plotSat.Rd: CRS-class Please provide package anchors for all Rd \link{} targets not in the package itself and the base packages. Flavors: r-devel-linux-x86_64-debian-clang, r-devel-linux-x86_64-debian-gcc, r-patched-linux-x86_64, r-release-linux-x86_64, r-release-windows-x86_64

Version: 1.5.5
Check: installed package size
Result: NOTE installed size is 8.8Mb sub-directories of 1Mb or more: R 2.0Mb doc 1.7Mb libs 4.4Mb Flavor: r-oldrel-macos-arm64

Version: 1.5.6
Check: installed package size
Result: NOTE installed size is 8.9Mb sub-directories of 1Mb or more: R 2.0Mb doc 1.7Mb libs 4.5Mb Flavor: r-oldrel-macos-x86_64