Last updated on 2025-10-30 18:49:58 CET.
| Flavor | Version | Tinstall | Tcheck | Ttotal | Status | Flags | 
|---|---|---|---|---|---|---|
| r-devel-linux-x86_64-debian-clang | 0.1.4 | 13.96 | 68.65 | 82.61 | NOTE | |
| r-devel-linux-x86_64-debian-gcc | 0.1.4 | 10.58 | 54.30 | 64.88 | NOTE | |
| r-devel-linux-x86_64-fedora-clang | 0.1.4 | 38.00 | 95.37 | 133.37 | OK | |
| r-devel-linux-x86_64-fedora-gcc | 0.1.4 | 26.00 | 99.47 | 125.47 | OK | |
| r-devel-windows-x86_64 | 0.1.4 | 19.00 | 90.00 | 109.00 | OK | |
| r-patched-linux-x86_64 | 0.1.4 | 15.18 | 66.12 | 81.30 | OK | |
| r-release-linux-x86_64 | 0.1.4 | 14.54 | 65.62 | 80.16 | OK | |
| r-release-macos-arm64 | 0.1.4 | 10.00 | 46.00 | 56.00 | OK | |
| r-release-macos-x86_64 | 0.1.4 | 14.00 | 64.00 | 78.00 | OK | |
| r-release-windows-x86_64 | 0.1.4 | 21.00 | 93.00 | 114.00 | OK | |
| r-oldrel-macos-arm64 | 0.1.4 | 9.00 | 37.00 | 46.00 | OK | |
| r-oldrel-macos-x86_64 | 0.1.4 | 11.00 | 46.00 | 57.00 | OK | |
| r-oldrel-windows-x86_64 | 0.1.4 | 25.00 | 116.00 | 141.00 | OK | 
Version: 0.1.4
Check: CRAN incoming feasibility
Result: NOTE
  Maintainer: ‘Carlos Alberto Cardozo Delgado <cardozorpackages@gmail.com>’
  
  No Authors@R field in DESCRIPTION.
  Please add one, modifying
    Authors@R: person(given = c("Carlos", "Alberto", "Cardozo"),
                      family = "Delgado",
                      role = c("aut", "cre"),
                      email = "cardozorpackages@gmail.com")
  as necessary.
Flavors: r-devel-linux-x86_64-debian-clang, r-devel-linux-x86_64-debian-gcc