Last updated on 2025-10-30 18:49:58 CET.
| Flavor | Version | Tinstall | Tcheck | Ttotal | Status | Flags | 
|---|---|---|---|---|---|---|
| r-devel-linux-x86_64-debian-clang | 1.0.0.0 | 1.76 | 21.91 | 23.67 | OK | |
| r-devel-linux-x86_64-debian-gcc | 1.0.0.0 | 1.30 | 18.25 | 19.55 | OK | |
| r-devel-linux-x86_64-fedora-clang | 1.0.0.0 | 33.00 | OK | |||
| r-devel-linux-x86_64-fedora-gcc | 1.0.0.0 | 31.30 | OK | |||
| r-devel-windows-x86_64 | 1.0.0.0 | 2.00 | 40.00 | 42.00 | OK | |
| r-patched-linux-x86_64 | 1.0.0.0 | 1.72 | 19.71 | 21.43 | OK | |
| r-release-linux-x86_64 | 1.0.0.0 | 1.41 | 19.33 | 20.74 | OK | |
| r-release-macos-arm64 | 1.0.0.0 | 1.00 | 15.00 | 16.00 | OK | |
| r-release-macos-x86_64 | 1.0.0.0 | 2.00 | 26.00 | 28.00 | OK | |
| r-release-windows-x86_64 | 1.0.0.0 | 2.00 | 44.00 | 46.00 | OK | |
| r-oldrel-macos-arm64 | 1.0.0.0 | 1.00 | 14.00 | 15.00 | NOTE | |
| r-oldrel-macos-x86_64 | 1.0.0.0 | 2.00 | 19.00 | 21.00 | NOTE | |
| r-oldrel-windows-x86_64 | 1.0.0.0 | 3.00 | 44.00 | 47.00 | NOTE | 
Version: 1.0.0.0
Check: LazyData
Result: NOTE
    'LazyData' is specified without a 'data' directory
Flavors: r-oldrel-macos-arm64, r-oldrel-macos-x86_64, r-oldrel-windows-x86_64