CRAN Package Check Results for Package mmabig

Last updated on 2025-10-08 20:49:28 CEST.

Flavor Version Tinstall Tcheck Ttotal Status Flags
r-devel-linux-x86_64-debian-clang 3.2-0 9.37 89.18 98.55 NOTE
r-devel-linux-x86_64-debian-gcc 3.2-0 7.32 65.22 72.54 NOTE
r-devel-linux-x86_64-fedora-clang 3.2-0 148.51 OK
r-devel-linux-x86_64-fedora-gcc 3.2-0 158.45 OK
r-devel-windows-x86_64 3.2-0 11.00 92.00 103.00 OK
r-patched-linux-x86_64 3.2-0 8.77 85.81 94.58 OK
r-release-linux-x86_64 3.2-0 9.26 85.42 94.68 OK
r-release-macos-arm64 3.2-0 60.00 OK
r-release-macos-x86_64 3.2-0 94.00 OK
r-release-windows-x86_64 3.2-0 12.00 93.00 105.00 OK
r-oldrel-macos-arm64 3.2-0 47.00 OK
r-oldrel-macos-x86_64 3.2-0 69.00 OK
r-oldrel-windows-x86_64 3.2-0 16.00 114.00 130.00 OK

Check Details

Version: 3.2-0
Check: CRAN incoming feasibility
Result: NOTE Maintainer: ‘Qingzhao Yu <qyu@lsuhsc.edu>’ No Authors@R field in DESCRIPTION. Please add one, modifying Authors@R: c(person(given = "Qingzhao", family = "Yu", role = c("aut", "cre"), email = "qyu@lsuhsc.edu"), person(given = "Bin", family = "Li", role = "aut")) as necessary. Flavors: r-devel-linux-x86_64-debian-clang, r-devel-linux-x86_64-debian-gcc