Last updated on 2025-11-04 07:50:00 CET.
| Flavor | Version | Tinstall | Tcheck | Ttotal | Status | Flags | 
|---|---|---|---|---|---|---|
| r-devel-linux-x86_64-debian-clang | 1.1-11 | 11.44 | 262.62 | 274.06 | OK | |
| r-devel-linux-x86_64-debian-gcc | 1.1-11 | 8.62 | 186.84 | 195.46 | OK | |
| r-devel-linux-x86_64-fedora-clang | 1.1-11 | 21.00 | 361.03 | 382.03 | WARN | |
| r-devel-linux-x86_64-fedora-gcc | 1.1-11 | 25.00 | 359.71 | 384.71 | WARN | |
| r-devel-windows-x86_64 | 1.1-11 | 13.00 | 286.00 | 299.00 | OK | |
| r-patched-linux-x86_64 | 1.1-11 | 12.32 | 254.72 | 267.04 | OK | |
| r-release-linux-x86_64 | 1.1-11 | 12.49 | 254.91 | 267.40 | OK | |
| r-release-macos-arm64 | 1.1-11 | 5.00 | 155.00 | 160.00 | OK | |
| r-release-macos-x86_64 | 1.1-11 | 12.00 | 329.00 | 341.00 | OK | |
| r-release-windows-x86_64 | 1.1-11 | 14.00 | 277.00 | 291.00 | OK | |
| r-oldrel-macos-arm64 | 1.1-11 | 7.00 | 198.00 | 205.00 | OK | |
| r-oldrel-macos-x86_64 | 1.1-11 | 17.00 | 331.00 | 348.00 | OK | |
| r-oldrel-windows-x86_64 | 1.1-11 | 18.00 | 354.00 | 372.00 | OK | 
Version: 1.1-11
Check: re-building of vignette outputs
Result: WARN
  Error(s) in re-building vignettes:
  --- re-building ‘mlt.Rnw’ using knitr
  trying URL 'https://zenodo.org/record/17179/files/DVC.tgz'
  Content type 'application/octet-stream' length 2292581 bytes (2.2 MB)
  ==================================================
  downloaded 2.2 MB
  
  Error: processing vignette 'mlt.Rnw' failed with diagnostics:
  Running 'texi2dvi' on 'mlt.tex' failed.
  LaTeX errors:
  ! LaTeX Error: Missing \begin{document}.
  
  See the LaTeX manual or LaTeX Companion for explanation.
  Type  H <return>  for immediate help.
   ...                                              
  ! Emergency stop.
   ...                                              
                                                    
  l.161  \DeclareMathOperator{\Chi1}{\chi^2_1}
                                              
  !  ==> Fatal error occurred, no output PDF file produced!
  --- failed re-building ‘mlt.Rnw’
  
  SUMMARY: processing the following file failed:
    ‘mlt.Rnw’
  
  Error: Vignette re-building failed.
  Execution halted
Flavors: r-devel-linux-x86_64-fedora-clang, r-devel-linux-x86_64-fedora-gcc