CRAN Package Check Results for Package mlmRev

Last updated on 2025-07-22 08:48:37 CEST.

Flavor Version Tinstall Tcheck Ttotal Status Flags
r-devel-linux-x86_64-debian-clang 1.0-8 6.60 194.87 201.47 NOTE
r-devel-linux-x86_64-debian-gcc 1.0-8 4.50 155.83 160.33 NOTE
r-devel-linux-x86_64-fedora-clang 1.0-8 332.10 OK
r-devel-linux-x86_64-fedora-gcc 1.0-8 368.14 OK
r-devel-windows-x86_64 1.0-8 7.00 282.00 289.00 OK
r-patched-linux-x86_64 1.0-8 6.52 207.41 213.93 OK
r-release-linux-x86_64 1.0-8 5.84 207.34 213.18 OK
r-release-macos-arm64 1.0-8 135.00 OK
r-release-macos-x86_64 1.0-8 254.00 OK
r-release-windows-x86_64 1.0-8 7.00 296.00 303.00 OK
r-oldrel-macos-arm64 1.0-8 161.00 OK
r-oldrel-macos-x86_64 1.0-8 232.00 OK
r-oldrel-windows-x86_64 1.0-8 10.00 348.00 358.00 OK

Check Details

Version: 1.0-8
Check: CRAN incoming feasibility
Result: NOTE Maintainer: ‘Steve Walker <steve.walker@utoronto.ca>’ No Authors@R field in DESCRIPTION. Please add one, modifying Authors@R: c(person(given = "Douglas", family = "Bates", role = "aut", email = "bates@stat.wisc.edu"), person(given = "Martin", family = "Maechler", role = "aut", email = "maechler@R-project.org"), person(given = "Ben", family = "Bolker", role = "aut", email = "bolker@mcmaster.ca"), person(given = "Steve", family = "Walker", role = "cre", email = "steve.walker@utoronto.ca")) as necessary. Flavors: r-devel-linux-x86_64-debian-clang, r-devel-linux-x86_64-debian-gcc