Last updated on 2025-10-30 18:49:58 CET.
| Flavor | Version | Tinstall | Tcheck | Ttotal | Status | Flags | 
|---|---|---|---|---|---|---|
| r-devel-linux-x86_64-debian-clang | 1.0-4 | 4.12 | 26.38 | 30.50 | NOTE | |
| r-devel-linux-x86_64-debian-gcc | 1.0-4 | 3.27 | 20.99 | 24.26 | NOTE | |
| r-devel-linux-x86_64-fedora-clang | 1.0-4 | 43.85 | OK | |||
| r-devel-linux-x86_64-fedora-gcc | 1.0-4 | 43.53 | OK | |||
| r-devel-windows-x86_64 | 1.0-4 | 6.00 | 50.00 | 56.00 | OK | |
| r-patched-linux-x86_64 | 1.0-4 | 4.00 | 25.61 | 29.61 | OK | |
| r-release-linux-x86_64 | 1.0-4 | 3.81 | 25.22 | 29.03 | OK | |
| r-release-macos-arm64 | 1.0-4 | 3.00 | 17.00 | 20.00 | OK | |
| r-release-macos-x86_64 | 1.0-4 | 8.00 | 37.00 | 45.00 | OK | |
| r-release-windows-x86_64 | 1.0-4 | 9.00 | 53.00 | 62.00 | OK | |
| r-oldrel-macos-arm64 | 1.0-4 | 3.00 | 16.00 | 19.00 | OK | |
| r-oldrel-macos-x86_64 | 1.0-4 | 6.00 | 32.00 | 38.00 | OK | |
| r-oldrel-windows-x86_64 | 1.0-4 | 7.00 | 59.00 | 66.00 | OK | 
Version: 1.0-4
Check: CRAN incoming feasibility
Result: NOTE
  Maintainer: ‘Georgios Papageorgiou <gpapageo@gmail.com>’
  
  Package CITATION file contains call(s) to old-style personList() or
  as.personList().  Please use c() on person objects instead.
  Package CITATION file contains call(s) to old-style citEntry().  Please
  use bibentry() instead.
Flavors: r-devel-linux-x86_64-debian-clang, r-devel-linux-x86_64-debian-gcc