Last updated on 2025-07-27 08:48:33 CEST.
Flavor | Version | Tinstall | Tcheck | Ttotal | Status | Flags |
---|---|---|---|---|---|---|
r-devel-linux-x86_64-debian-clang | 1.0.0 | 2.90 | 42.89 | 45.79 | OK | |
r-devel-linux-x86_64-debian-gcc | 1.0.0 | 2.38 | 32.60 | 34.98 | OK | |
r-devel-linux-x86_64-fedora-clang | 1.0.0 | 72.37 | OK | |||
r-devel-linux-x86_64-fedora-gcc | 1.0.0 | 69.31 | OK | |||
r-devel-windows-x86_64 | 1.0.0 | 5.00 | 72.00 | 77.00 | OK | |
r-patched-linux-x86_64 | 1.0.0 | 4.28 | 40.27 | 44.55 | OK | |
r-release-linux-x86_64 | 1.0.0 | 3.37 | 40.45 | 43.82 | OK | |
r-release-macos-arm64 | 1.0.0 | 23.00 | OK | |||
r-release-macos-x86_64 | 1.0.0 | 46.00 | OK | |||
r-release-windows-x86_64 | 1.0.0 | 6.00 | 67.00 | 73.00 | OK | |
r-oldrel-macos-arm64 | 1.0.0 | 24.00 | NOTE | |||
r-oldrel-macos-x86_64 | 1.0.0 | 43.00 | NOTE | |||
r-oldrel-windows-x86_64 | 1.0.0 | 7.00 | 77.00 | 84.00 | NOTE |
Version: 1.0.0
Check: LazyData
Result: NOTE
'LazyData' is specified without a 'data' directory
Flavors: r-oldrel-macos-arm64, r-oldrel-macos-x86_64, r-oldrel-windows-x86_64