Last updated on 2025-10-29 07:50:43 CET.
| Flavor | Version | Tinstall | Tcheck | Ttotal | Status | Flags | 
|---|---|---|---|---|---|---|
| r-devel-linux-x86_64-debian-clang | 0.8.4 | 9.76 | 105.14 | 114.90 | NOTE | |
| r-devel-linux-x86_64-debian-gcc | 0.8.4 | 6.73 | 72.25 | 78.98 | NOTE | |
| r-devel-linux-x86_64-fedora-clang | 0.8.4 | 20.00 | 158.02 | 178.02 | OK | |
| r-devel-linux-x86_64-fedora-gcc | 0.8.4 | 20.00 | 147.34 | 167.34 | OK | |
| r-devel-windows-x86_64 | 0.8.4 | 11.00 | 113.00 | 124.00 | OK | |
| r-patched-linux-x86_64 | 0.8.4 | 10.91 | 99.79 | 110.70 | OK | |
| r-release-linux-x86_64 | 0.8.4 | 10.28 | 99.35 | 109.63 | OK | |
| r-release-macos-arm64 | 0.8.4 | 4.00 | 37.00 | 41.00 | OK | |
| r-release-macos-x86_64 | 0.8.4 | 8.00 | 74.00 | 82.00 | OK | |
| r-release-windows-x86_64 | 0.8.4 | 13.00 | 114.00 | 127.00 | OK | |
| r-oldrel-macos-arm64 | 0.8.4 | 4.00 | 38.00 | 42.00 | OK | |
| r-oldrel-macos-x86_64 | 0.8.4 | 6.00 | 61.00 | 67.00 | OK | |
| r-oldrel-windows-x86_64 | 0.8.4 | 17.00 | 143.00 | 160.00 | OK | 
Version: 0.8.4
Check: CRAN incoming feasibility
Result: NOTE
  Maintainer: ‘Tim Bergsma <bergsmat@gmail.com>’
  
  No Authors@R field in DESCRIPTION.
  Please add one, modifying
    Authors@R: person(given = "Tim",
                      family = "Bergsma",
                      role = c("aut", "cre"),
                      email = "bergsmat@gmail.com")
  as necessary.
Flavors: r-devel-linux-x86_64-debian-clang, r-devel-linux-x86_64-debian-gcc