CRAN Package Check Results for Package mclogit

Last updated on 2025-07-21 20:50:07 CEST.

Flavor Version Tinstall Tcheck Ttotal Status Flags
r-devel-linux-x86_64-debian-clang 0.9.6 9.00 94.60 103.60 NOTE
r-devel-linux-x86_64-debian-gcc 0.9.6 7.34 66.94 74.28 NOTE
r-devel-linux-x86_64-fedora-clang 0.9.6 168.03 OK
r-devel-linux-x86_64-fedora-gcc 0.9.6 163.65 OK
r-devel-windows-x86_64 0.9.6 12.00 93.00 105.00 OK
r-patched-linux-x86_64 0.9.6 12.00 89.82 101.82 OK
r-release-linux-x86_64 0.9.6 10.72 88.98 99.70 OK
r-release-macos-arm64 0.9.6 51.00 OK
r-release-macos-x86_64 0.9.6 102.00 OK
r-release-windows-x86_64 0.9.6 12.00 93.00 105.00 OK
r-oldrel-macos-arm64 0.9.6 44.00 OK
r-oldrel-macos-x86_64 0.9.6 74.00 OK
r-oldrel-windows-x86_64 0.9.6 17.00 122.00 139.00 OK

Check Details

Version: 0.9.6
Check: CRAN incoming feasibility
Result: NOTE Maintainer: ‘Martin Elff <mclogit@elff.eu>’ No Authors@R field in DESCRIPTION. Please add one, modifying Authors@R: person(given = "Martin", family = "Elff", role = c("aut", "cre"), email = "mclogit@elff.eu") as necessary. Flavors: r-devel-linux-x86_64-debian-clang, r-devel-linux-x86_64-debian-gcc