Last updated on 2025-10-30 18:49:57 CET.
| Flavor | Version | Tinstall | Tcheck | Ttotal | Status | Flags | 
|---|---|---|---|---|---|---|
| r-devel-linux-x86_64-debian-clang | 1.2.1 | 10.63 | 75.00 | 85.63 | NOTE | |
| r-devel-linux-x86_64-debian-gcc | 1.2.1 | 6.99 | 56.92 | 63.91 | NOTE | |
| r-devel-linux-x86_64-fedora-clang | 1.2.1 | 20.00 | 108.87 | 128.87 | OK | |
| r-devel-linux-x86_64-fedora-gcc | 1.2.1 | 22.00 | 102.33 | 124.33 | OK | |
| r-devel-windows-x86_64 | 1.2.1 | 13.00 | 86.00 | 99.00 | OK | |
| r-patched-linux-x86_64 | 1.2.1 | 10.19 | 71.91 | 82.10 | OK | |
| r-release-linux-x86_64 | 1.2.1 | 9.45 | 73.07 | 82.52 | OK | |
| r-release-macos-arm64 | 1.2.1 | 7.00 | 37.00 | 44.00 | OK | |
| r-release-macos-x86_64 | 1.2.1 | 11.00 | 66.00 | 77.00 | OK | |
| r-release-windows-x86_64 | 1.2.1 | 14.00 | 89.00 | 103.00 | OK | |
| r-oldrel-macos-arm64 | 1.2.1 | 6.00 | 33.00 | 39.00 | OK | |
| r-oldrel-macos-x86_64 | 1.2.1 | 9.00 | 49.00 | 58.00 | OK | |
| r-oldrel-windows-x86_64 | 1.2.1 | 19.00 | 108.00 | 127.00 | OK | 
Version: 1.2.1
Check: CRAN incoming feasibility
Result: NOTE
  Maintainer: ‘Ben Sherwood <ben.sherwood@ku.edu>’
  
  No Authors@R field in DESCRIPTION.
  Please add one, modifying
    Authors@R: c(person(given = "Ben",
                        family = "Sherwood",
                        role = c("aut", "cre"),
                        email = "ben.sherwood@ku.edu"),
                 person(given = "Brad",
                        family = "Price",
                        role = "aut"))
  as necessary.
  
  The Description field contains
    Sherwood (2018) <arXiv:1707.03530>. The MCEN model simultaneously
  Please refer to arXiv e-prints via their arXiv DOI <doi:10.48550/arXiv.YYMM.NNNNN>.
Flavors: r-devel-linux-x86_64-debian-clang, r-devel-linux-x86_64-debian-gcc