CRAN Package Check Results for Package mcca

Last updated on 2025-07-22 19:51:53 CEST.

Flavor Version Tinstall Tcheck Ttotal Status Flags
r-devel-linux-x86_64-debian-clang 0.7.0 16.74 117.82 134.56 NOTE
r-devel-linux-x86_64-debian-gcc 0.7.0 10.92 84.35 95.27 NOTE
r-devel-linux-x86_64-fedora-clang 0.7.0 205.61 OK
r-devel-linux-x86_64-fedora-gcc 0.7.0 206.24 OK
r-devel-windows-x86_64 0.7.0 16.00 116.00 132.00 OK
r-patched-linux-x86_64 0.7.0 15.47 109.68 125.15 OK
r-release-linux-x86_64 0.7.0 12.32 110.93 123.25 OK
r-release-macos-arm64 0.7.0 53.00 OK
r-release-macos-x86_64 0.7.0 98.00 OK
r-release-windows-x86_64 0.7.0 17.00 117.00 134.00 OK
r-oldrel-macos-arm64 0.7.0 51.00 NOTE
r-oldrel-macos-x86_64 0.7.0 74.00 NOTE
r-oldrel-windows-x86_64 0.7.0 22.00 151.00 173.00 NOTE

Check Details

Version: 0.7.0
Check: CRAN incoming feasibility
Result: NOTE Maintainer: ‘Ming Gao <gaoming@umich.edu>’ No Authors@R field in DESCRIPTION. Please add one, modifying Authors@R: c(person(given = "Ming", family = "Gao", role = c("aut", "cre"), email = "gaoming@umich.edu"), person(given = "Jialiang", family = "Li", role = "aut")) as necessary. Flavors: r-devel-linux-x86_64-debian-clang, r-devel-linux-x86_64-debian-gcc

Version: 0.7.0
Check: LazyData
Result: NOTE 'LazyData' is specified without a 'data' directory Flavors: r-oldrel-macos-arm64, r-oldrel-macos-x86_64, r-oldrel-windows-x86_64