Last updated on 2025-10-30 18:49:57 CET.
| Flavor | Version | Tinstall | Tcheck | Ttotal | Status | Flags | 
|---|---|---|---|---|---|---|
| r-devel-linux-x86_64-debian-clang | 1.1 | 7.21 | 65.56 | 72.77 | NOTE | |
| r-devel-linux-x86_64-debian-gcc | 1.1 | 5.11 | 51.44 | 56.55 | NOTE | |
| r-devel-linux-x86_64-fedora-clang | 1.1 | 15.00 | 95.18 | 110.18 | OK | |
| r-devel-linux-x86_64-fedora-gcc | 1.1 | 14.00 | 92.15 | 106.15 | OK | |
| r-devel-windows-x86_64 | 1.1 | 8.00 | 95.00 | 103.00 | OK | |
| r-patched-linux-x86_64 | 1.1 | 6.58 | 62.58 | 69.16 | OK | |
| r-release-linux-x86_64 | 1.1 | 7.21 | 62.63 | 69.84 | OK | |
| r-release-macos-arm64 | 1.1 | 4.00 | 33.00 | 37.00 | OK | |
| r-release-macos-x86_64 | 1.1 | 7.00 | 73.00 | 80.00 | OK | |
| r-release-windows-x86_64 | 1.1 | 8.00 | 81.00 | 89.00 | OK | |
| r-oldrel-macos-arm64 | 1.1 | 3.00 | 31.00 | 34.00 | NOTE | |
| r-oldrel-macos-x86_64 | 1.1 | 5.00 | 52.00 | 57.00 | NOTE | |
| r-oldrel-windows-x86_64 | 1.1 | 11.00 | 93.00 | 104.00 | NOTE | 
Version: 1.1
Check: CRAN incoming feasibility
Result: NOTE
  Maintainer: ‘Arvin Satwani <arvinsatwani@gmail.com>’
  
  No Authors@R field in DESCRIPTION.
  Please add one, modifying
    Authors@R: c(person(given = "Zhezhen",
                        family = "Jin",
                        role = "aut",
                        email = "zj7@columbia.edu"),
                 person(given = "Arvin",
                        family = "Satwani",
                        role = c("aut", "cre"),
                        email = "arvinsatwani@gmail.com"))
  as necessary.
Flavors: r-devel-linux-x86_64-debian-clang, r-devel-linux-x86_64-debian-gcc
Version: 1.1
Check: LazyData
Result: NOTE
    'LazyData' is specified without a 'data' directory
Flavors: r-oldrel-macos-arm64, r-oldrel-macos-x86_64, r-oldrel-windows-x86_64