CRAN Package Check Results for Package lofifonts

Last updated on 2025-10-21 19:51:28 CEST.

Flavor Version Tinstall Tcheck Ttotal Status Flags
r-devel-linux-x86_64-debian-clang 0.1.3 12.05 98.07 110.12 NOTE
r-devel-linux-x86_64-debian-gcc 0.1.3 10.13 67.90 78.03 NOTE
r-devel-linux-x86_64-fedora-clang 0.1.3 30.00 145.19 175.19 NOTE
r-devel-linux-x86_64-fedora-gcc 0.1.3 23.00 159.51 182.51 NOTE
r-devel-windows-x86_64 0.1.3 14.00 104.00 118.00 NOTE
r-patched-linux-x86_64 0.1.3 11.89 96.37 108.26 NOTE
r-release-linux-x86_64 0.1.3 12.60 94.70 107.30 NOTE
r-release-macos-arm64 0.1.3 9.00 57.00 66.00 NOTE
r-release-macos-x86_64 0.1.3 17.00 98.00 115.00 NOTE
r-release-windows-x86_64 0.1.3 13.00 104.00 117.00 NOTE
r-oldrel-macos-arm64 0.1.3 10.00 66.00 76.00 OK
r-oldrel-macos-x86_64 0.1.3 14.00 133.00 147.00 OK
r-oldrel-windows-x86_64 0.1.3 17.00 135.00 152.00 OK

Check Details

Version: 0.1.3
Check: DESCRIPTION meta-information
Result: NOTE Missing dependency on R >= 4.1.0 because package code uses the pipe |> or function shorthand \(...) syntax added in R 4.1.0. File(s) using such syntax: ‘bittermelon.R’ ‘lofi.Rd’ Flavors: r-devel-linux-x86_64-debian-clang, r-devel-linux-x86_64-debian-gcc, r-devel-linux-x86_64-fedora-clang, r-devel-linux-x86_64-fedora-gcc, r-devel-windows-x86_64, r-patched-linux-x86_64, r-release-linux-x86_64, r-release-macos-arm64, r-release-macos-x86_64, r-release-windows-x86_64