Last updated on 2025-10-30 18:49:56 CET.
| Flavor | Version | Tinstall | Tcheck | Ttotal | Status | Flags | 
|---|---|---|---|---|---|---|
| r-devel-linux-x86_64-debian-clang | 1.2.1 | 4.14 | 53.96 | 58.10 | NOTE | |
| r-devel-linux-x86_64-debian-gcc | 1.2.1 | 2.59 | 34.40 | 36.99 | NOTE | |
| r-devel-linux-x86_64-fedora-clang | 1.2.1 | 88.84 | OK | |||
| r-devel-linux-x86_64-fedora-gcc | 1.2.1 | 85.75 | OK | |||
| r-devel-windows-x86_64 | 1.2.1 | 4.00 | 65.00 | 69.00 | OK | |
| r-patched-linux-x86_64 | 1.2.1 | 4.31 | 50.30 | 54.61 | OK | |
| r-release-linux-x86_64 | 1.2.1 | 3.61 | 49.97 | 53.58 | OK | |
| r-release-macos-arm64 | 1.2.1 | 2.00 | 21.00 | 23.00 | OK | |
| r-release-macos-x86_64 | 1.2.1 | 4.00 | 45.00 | 49.00 | OK | |
| r-release-windows-x86_64 | 1.2.1 | 4.00 | 67.00 | 71.00 | OK | |
| r-oldrel-macos-arm64 | 1.2.1 | 2.00 | 21.00 | 23.00 | OK | |
| r-oldrel-macos-x86_64 | 1.2.1 | 5.00 | 36.00 | 41.00 | OK | |
| r-oldrel-windows-x86_64 | 1.2.1 | 5.00 | 64.00 | 69.00 | OK | 
Version: 1.2.1
Check: CRAN incoming feasibility
Result: NOTE
  Maintainer: ‘Thomas Kvalnes <thomas.kvalnes@ntnu.no>’
  
  No Authors@R field in DESCRIPTION.
  Please add one, modifying
    Authors@R: person(given = "Thomas",
                      family = "Kvalnes",
                      role = c("aut", "cre"),
                      email = "thomas.kvalnes@ntnu.no")
  as necessary.
Flavors: r-devel-linux-x86_64-debian-clang, r-devel-linux-x86_64-debian-gcc