Last updated on 2025-10-21 19:51:27 CEST.
Flavor | Version | Tinstall | Tcheck | Ttotal | Status | Flags |
---|---|---|---|---|---|---|
r-devel-linux-x86_64-debian-clang | 1.5.13 | 10.86 | 159.06 | 169.92 | NOTE | |
r-devel-linux-x86_64-debian-gcc | 1.5.13 | 9.59 | 109.94 | 119.53 | NOTE | |
r-devel-linux-x86_64-fedora-clang | 1.5.13 | 57.00 | 219.94 | 276.94 | NOTE | |
r-devel-linux-x86_64-fedora-gcc | 1.5.13 | 22.00 | 235.88 | 257.88 | NOTE | |
r-devel-windows-x86_64 | 1.5.13 | 13.00 | 156.00 | 169.00 | OK | |
r-patched-linux-x86_64 | 1.5.13 | 11.07 | 148.12 | 159.19 | OK | |
r-release-linux-x86_64 | 1.5.13 | 11.90 | 147.49 | 159.39 | OK | |
r-release-macos-arm64 | 1.5.13 | 5.00 | 65.00 | 70.00 | OK | |
r-release-macos-x86_64 | 1.5.13 | 9.00 | 121.00 | 130.00 | OK | |
r-release-windows-x86_64 | 1.5.13 | 14.00 | 155.00 | 169.00 | OK | |
r-oldrel-macos-arm64 | 1.5.13 | 5.00 | 69.00 | 74.00 | OK | |
r-oldrel-macos-x86_64 | 1.5.13 | 7.00 | 96.00 | 103.00 | OK | |
r-oldrel-windows-x86_64 | 1.5.13 | 18.00 | 203.00 | 221.00 | OK |
Version: 1.5.13
Check: HTML version of manual
Result: NOTE
Found the following HTML validation problems:
print.live_explainer.html:51:1 (print.live_explainer.Rd:12): Warning: missing </ul> before </div>
print.live_explorer.html:51:1 (print.live_explorer.Rd:12): Warning: missing </ul> before </div>
print.local_permutation_importance.html:51:1 (print.local_permutation_importance.Rd:12): Warning: missing </ul> before </div>
Flavors: r-devel-linux-x86_64-debian-clang, r-devel-linux-x86_64-debian-gcc
Version: 1.5.13
Check: dependencies in R code
Result: NOTE
Namespace in Imports field not imported from: ‘e1071’
All declared Imports should be used.
Flavors: r-devel-linux-x86_64-fedora-clang, r-devel-linux-x86_64-fedora-gcc