CRAN Package Check Results for Package lidR

Last updated on 2025-09-30 20:50:42 CEST.

Flavor Version Tinstall Tcheck Ttotal Status Flags
r-devel-linux-x86_64-debian-clang 4.2.1 135.37 542.92 678.29 OK
r-devel-linux-x86_64-debian-gcc 4.2.1 95.63 326.57 422.20 OK
r-devel-linux-x86_64-fedora-clang 4.2.1 1257.21 OK
r-devel-linux-x86_64-fedora-gcc 4.2.1 1302.39 OK
r-devel-windows-x86_64 4.2.1 150.00 490.00 640.00 OK
r-patched-linux-x86_64 4.2.1 139.82 512.23 652.05 OK
r-release-linux-x86_64 4.2.1 137.76 512.87 650.63 OK
r-release-macos-arm64 4.2.1 257.00 OK
r-release-macos-x86_64 4.2.1 761.00 OK
r-release-windows-x86_64 4.2.1 149.00 492.00 641.00 OK
r-oldrel-macos-arm64 4.2.1 279.00 NOTE
r-oldrel-macos-x86_64 4.2.1 815.00 NOTE
r-oldrel-windows-x86_64 4.2.1 184.00 667.00 851.00 NOTE

Check Details

Version: 4.2.1
Check: installed package size
Result: NOTE installed size is 13.7Mb sub-directories of 1Mb or more: R 1.1Mb doc 1.0Mb extdata 1.2Mb libs 9.9Mb Flavors: r-oldrel-macos-arm64, r-oldrel-macos-x86_64, r-oldrel-windows-x86_64